CRAN Package Check Results for Package ConformalSmallest

Last updated on 2025-07-02 01:51:34 CEST.

Flavor Version Tinstall Tcheck Ttotal Status Flags
r-devel-linux-x86_64-debian-clang 1.0 3.26 80.16 83.42 NOTE
r-devel-linux-x86_64-debian-gcc 1.0 2.29 56.33 58.62 NOTE
r-devel-linux-x86_64-fedora-clang 1.0 123.54 NOTE
r-devel-linux-x86_64-fedora-gcc 1.0 133.47 NOTE
r-devel-windows-x86_64 1.0 4.00 94.00 98.00 OK
r-patched-linux-x86_64 OK
r-release-linux-x86_64 1.0 3.12 75.39 78.51 OK
r-release-macos-arm64 1.0 50.00 OK
r-release-macos-x86_64 1.0 97.00 OK
r-release-windows-x86_64 1.0 5.00 90.00 95.00 OK
r-oldrel-macos-arm64 1.0 44.00 OK
r-oldrel-macos-x86_64 1.0 67.00 OK
r-oldrel-windows-x86_64 1.0 6.00 113.00 119.00 OK

Check Details

Version: 1.0
Check: CRAN incoming feasibility
Result: NOTE Maintainer: ‘Yachong Yang <yachong@wharton.upenn.edu>’ The Description field contains <arxiv:2104.13871>. Please refer to arXiv e-prints via their arXiv DOI <doi:10.48550/arXiv.YYMM.NNNNN>. Flavors: r-devel-linux-x86_64-debian-clang, r-devel-linux-x86_64-debian-gcc

Version: 1.0
Check: dependencies in R code
Result: NOTE Namespace in Imports field not imported from: ‘mvtnorm’ All declared Imports should be used. Flavors: r-devel-linux-x86_64-fedora-clang, r-devel-linux-x86_64-fedora-gcc

These binaries (installable software) and packages are in development.
They may not be fully stable and should be used with caution. We make no claims about them.