CRAN Package Check Results for Package ConfusionTableR

Last updated on 2025-10-23 21:51:23 CEST.

Flavor Version Tinstall Tcheck Ttotal Status Flags
r-devel-linux-x86_64-debian-clang 1.0.4 15.10 154.30 169.40 NOTE
r-devel-linux-x86_64-debian-gcc 1.0.4 10.96 111.61 122.57 NOTE
r-devel-linux-x86_64-fedora-clang 1.0.4 36.00 208.55 244.55 NOTE
r-devel-linux-x86_64-fedora-gcc 1.0.4 31.00 217.62 248.62 NOTE
r-devel-windows-x86_64 1.0.4 15.00 145.00 160.00 NOTE
r-patched-linux-x86_64 1.0.4 14.40 143.04 157.44 NOTE
r-release-linux-x86_64 1.0.4 13.09 141.76 154.85 NOTE
r-release-macos-arm64 1.0.4 6.00 74.00 80.00 NOTE
r-release-macos-x86_64 1.0.4 13.00 163.00 176.00 NOTE
r-release-windows-x86_64 1.0.4 15.00 145.00 160.00 NOTE
r-oldrel-macos-arm64 1.0.4 6.00 83.00 89.00 NOTE
r-oldrel-macos-x86_64 1.0.4 11.00 116.00 127.00 NOTE
r-oldrel-windows-x86_64 1.0.4 20.00 187.00 207.00 NOTE

Check Details

Version: 1.0.4
Check: Rd files
Result: NOTE checkRd: (-1) binary_class_cm.Rd:19: Lost braces in \itemize; \value handles \item{}{} directly checkRd: (-1) binary_class_cm.Rd:20: Lost braces in \itemize; \value handles \item{}{} directly checkRd: (-1) binary_class_cm.Rd:21: Lost braces in \itemize; \value handles \item{}{} directly checkRd: (-1) binary_class_cm.Rd:22: Lost braces in \itemize; \value handles \item{}{} directly checkRd: (-1) multi_class_cm.Rd:19: Lost braces in \itemize; \value handles \item{}{} directly checkRd: (-1) multi_class_cm.Rd:20: Lost braces in \itemize; \value handles \item{}{} directly checkRd: (-1) multi_class_cm.Rd:21: Lost braces in \itemize; \value handles \item{}{} directly checkRd: (-1) multi_class_cm.Rd:22: Lost braces in \itemize; \value handles \item{}{} directly Flavors: r-devel-linux-x86_64-debian-clang, r-devel-linux-x86_64-debian-gcc, r-devel-linux-x86_64-fedora-clang, r-devel-linux-x86_64-fedora-gcc, r-devel-windows-x86_64, r-patched-linux-x86_64, r-release-linux-x86_64, r-release-macos-arm64, r-release-macos-x86_64, r-release-windows-x86_64, r-oldrel-macos-arm64, r-oldrel-macos-x86_64, r-oldrel-windows-x86_64

These binaries (installable software) and packages are in development.
They may not be fully stable and should be used with caution. We make no claims about them.