Last updated on 2025-11-13 07:50:47 CET.
| Flavor | Version | Tinstall | Tcheck | Ttotal | Status | Flags |
|---|---|---|---|---|---|---|
| r-devel-linux-x86_64-debian-clang | 1.0.4 | 13.29 | 151.44 | 164.73 | NOTE | |
| r-devel-linux-x86_64-debian-gcc | 1.0.4 | 10.18 | 111.49 | 121.67 | NOTE | |
| r-devel-linux-x86_64-fedora-clang | 1.0.4 | 124.00 | 141.00 | 265.00 | NOTE | |
| r-devel-linux-x86_64-fedora-gcc | 1.0.4 | 34.00 | 219.51 | 253.51 | NOTE | |
| r-devel-windows-x86_64 | 1.0.4 | 16.00 | 143.00 | 159.00 | NOTE | |
| r-patched-linux-x86_64 | 1.0.4 | 12.80 | 142.21 | 155.01 | NOTE | |
| r-release-linux-x86_64 | 1.0.4 | 13.20 | 141.89 | 155.09 | NOTE | |
| r-release-macos-arm64 | 1.0.4 | 6.00 | 74.00 | 80.00 | NOTE | |
| r-release-macos-x86_64 | 1.0.4 | 13.00 | 163.00 | 176.00 | NOTE | |
| r-release-windows-x86_64 | 1.0.4 | 14.00 | 140.00 | 154.00 | NOTE | |
| r-oldrel-macos-arm64 | 1.0.4 | 6.00 | 83.00 | 89.00 | NOTE | |
| r-oldrel-macos-x86_64 | 1.0.4 | 11.00 | 116.00 | 127.00 | NOTE | |
| r-oldrel-windows-x86_64 | 1.0.4 | 21.00 | 189.00 | 210.00 | NOTE |
Version: 1.0.4
Check: Rd files
Result: NOTE
checkRd: (-1) binary_class_cm.Rd:19: Lost braces in \itemize; \value handles \item{}{} directly
checkRd: (-1) binary_class_cm.Rd:20: Lost braces in \itemize; \value handles \item{}{} directly
checkRd: (-1) binary_class_cm.Rd:21: Lost braces in \itemize; \value handles \item{}{} directly
checkRd: (-1) binary_class_cm.Rd:22: Lost braces in \itemize; \value handles \item{}{} directly
checkRd: (-1) multi_class_cm.Rd:19: Lost braces in \itemize; \value handles \item{}{} directly
checkRd: (-1) multi_class_cm.Rd:20: Lost braces in \itemize; \value handles \item{}{} directly
checkRd: (-1) multi_class_cm.Rd:21: Lost braces in \itemize; \value handles \item{}{} directly
checkRd: (-1) multi_class_cm.Rd:22: Lost braces in \itemize; \value handles \item{}{} directly
Flavors: r-devel-linux-x86_64-debian-clang, r-devel-linux-x86_64-debian-gcc, r-devel-linux-x86_64-fedora-clang, r-devel-linux-x86_64-fedora-gcc, r-devel-windows-x86_64, r-patched-linux-x86_64, r-release-linux-x86_64, r-release-macos-arm64, r-release-macos-x86_64, r-release-windows-x86_64, r-oldrel-macos-arm64, r-oldrel-macos-x86_64, r-oldrel-windows-x86_64
These binaries (installable software) and packages are in development.
They may not be fully stable and should be used with caution. We make no claims about them.