Last updated on 2025-05-01 14:49:06 CEST.
Flavor | Version | Tinstall | Tcheck | Ttotal | Status | Flags |
---|---|---|---|---|---|---|
r-devel-linux-x86_64-debian-clang | 1.5.4 | 3.45 | 35.67 | 39.12 | NOTE | |
r-devel-linux-x86_64-debian-gcc | 1.5.4 | 2.51 | 27.64 | 30.15 | OK | |
r-devel-linux-x86_64-fedora-clang | 1.5.4 | 59.09 | OK | |||
r-devel-linux-x86_64-fedora-gcc | 1.5.4 | 57.56 | OK | |||
r-devel-windows-x86_64 | 1.5.4 | 5.00 | 56.00 | 61.00 | OK | |
r-patched-linux-x86_64 | 1.5.4 | 3.47 | 32.85 | 36.32 | OK | |
r-release-linux-x86_64 | OK | |||||
r-release-macos-arm64 | 1.5.4 | 29.00 | OK | |||
r-release-macos-x86_64 | 1.5.4 | 54.00 | OK | |||
r-release-windows-x86_64 | 1.5.4 | 5.00 | 57.00 | 62.00 | OK | |
r-oldrel-macos-arm64 | 1.5.4 | 32.00 | OK | |||
r-oldrel-macos-x86_64 | 1.5.4 | 59.00 | OK | |||
r-oldrel-windows-x86_64 | 1.5.4 | 5.00 | 64.00 | 69.00 | OK |
Version: 1.5.4
Check: examples
Result: NOTE
Examples with CPU (user + system) or elapsed time > 5s
user system elapsed
get_var_info 1.125 0.105 6.53
Flavor: r-devel-linux-x86_64-debian-clang
Version: 1.5.4
Check: examples
Result: NA
user system elapsed
get_var_info 0.697 0.247 5.34
OK
Flavor: r-devel-linux-x86_64-debian-gcc
These binaries (installable software) and packages are in development.
They may not be fully stable and should be used with caution. We make no claims about them.