Last updated on 2025-02-02 22:49:49 CET.
Flavor | Version | Tinstall | Tcheck | Ttotal | Status | Flags |
---|---|---|---|---|---|---|
r-devel-linux-x86_64-debian-clang | 0.4.4 | 13.43 | 104.19 | 117.62 | OK | |
r-devel-linux-x86_64-debian-gcc | 0.4.4 | 8.81 | 75.31 | 84.12 | OK | |
r-devel-linux-x86_64-fedora-clang | 0.4.4 | 189.72 | OK | |||
r-devel-linux-x86_64-fedora-gcc | 0.4.4 | 177.32 | OK | |||
r-devel-windows-x86_64 | 0.4.4 | 14.00 | 103.00 | 117.00 | OK | |
r-patched-linux-x86_64 | 0.4.4 | 11.39 | 97.59 | 108.98 | NOTE | |
r-release-linux-x86_64 | 0.4.4 | 11.39 | 98.77 | 110.16 | NOTE | |
r-release-macos-arm64 | 0.4.4 | 48.00 | NOTE | |||
r-release-macos-x86_64 | 0.4.4 | 72.00 | NOTE | |||
r-release-windows-x86_64 | 0.4.4 | 13.00 | 101.00 | 114.00 | NOTE | |
r-oldrel-macos-arm64 | 0.4.4 | 34.00 | NOTE | |||
r-oldrel-macos-x86_64 | 0.4.4 | 60.00 | NOTE | |||
r-oldrel-windows-x86_64 | 0.4.4 | 19.00 | 131.00 | 150.00 | NOTE |
Version: 0.4.4
Check: LazyData
Result: NOTE
'LazyData' is specified without a 'data' directory
Flavors: r-patched-linux-x86_64, r-release-linux-x86_64, r-release-macos-arm64, r-release-macos-x86_64, r-release-windows-x86_64, r-oldrel-macos-arm64, r-oldrel-macos-x86_64, r-oldrel-windows-x86_64
These binaries (installable software) and packages are in development.
They may not be fully stable and should be used with caution. We make no claims about them.