Last updated on 2025-05-01 17:56:00 CEST.
Flavor | Version | Tinstall | Tcheck | Ttotal | Status | Flags |
---|---|---|---|---|---|---|
r-devel-linux-x86_64-debian-clang | 0.4.4 | 13.89 | 111.97 | 125.86 | NOTE | |
r-devel-linux-x86_64-debian-gcc | 0.4.4 | 8.01 | 78.48 | 86.49 | NOTE | |
r-devel-linux-x86_64-fedora-clang | 0.4.4 | 183.19 | OK | |||
r-devel-linux-x86_64-fedora-gcc | 0.4.4 | 174.16 | OK | |||
r-devel-windows-x86_64 | 0.4.4 | 15.00 | 107.00 | 122.00 | OK | |
r-patched-linux-x86_64 | 0.4.4 | 13.90 | 105.91 | 119.81 | OK | |
r-release-linux-x86_64 | OK | |||||
r-release-macos-arm64 | 0.4.4 | 52.00 | OK | |||
r-release-macos-x86_64 | 0.4.4 | 103.00 | OK | |||
r-release-windows-x86_64 | 0.4.4 | 15.00 | 109.00 | 124.00 | OK | |
r-oldrel-macos-arm64 | 0.4.4 | 48.00 | NOTE | |||
r-oldrel-macos-x86_64 | 0.4.4 | 72.00 | NOTE | |||
r-oldrel-windows-x86_64 | 0.4.4 | 19.00 | 139.00 | 158.00 | NOTE |
Version: 0.4.4
Check: CRAN incoming feasibility
Result: NOTE
Maintainer: ‘James Conigrave <james.conigrave@gmail.com>’
No Authors@R field in DESCRIPTION.
Please add one, modifying
Authors@R: person(given = "James",
family = "Conigrave",
role = c("aut", "cre"),
email = "james.conigrave@gmail.com")
as necessary.
Flavors: r-devel-linux-x86_64-debian-clang, r-devel-linux-x86_64-debian-gcc
Version: 0.4.4
Check: examples
Result: NOTE
Examples with CPU (user + system) or elapsed time > 5s
user system elapsed
autoModel 7.749 0.49 10.521
Flavor: r-devel-linux-x86_64-debian-clang
Version: 0.4.4
Check: examples
Result: NA
user system elapsed
autoModel 4.503 0.571 6.045
OK
Flavor: r-devel-linux-x86_64-debian-gcc
Version: 0.4.4
Check: LazyData
Result: NOTE
'LazyData' is specified without a 'data' directory
Flavors: r-oldrel-macos-arm64, r-oldrel-macos-x86_64, r-oldrel-windows-x86_64
These binaries (installable software) and packages are in development.
They may not be fully stable and should be used with caution. We make no claims about them.