Last updated on 2025-10-23 21:51:23 CEST.
Flavor | Version | Tinstall | Tcheck | Ttotal | Status | Flags |
---|---|---|---|---|---|---|
r-devel-linux-x86_64-debian-clang | 1.0.2 | 18.45 | 153.16 | 171.61 | OK | |
r-devel-linux-x86_64-debian-gcc | 1.0.2 | 14.44 | 105.66 | 120.10 | NOTE | |
r-devel-linux-x86_64-fedora-clang | 1.0.2 | 45.00 | 212.09 | 257.09 | OK | |
r-devel-linux-x86_64-fedora-gcc | 1.0.2 | 48.00 | 193.81 | 241.81 | OK | |
r-devel-windows-x86_64 | 1.0.2 | 20.00 | 145.00 | 165.00 | OK | |
r-patched-linux-x86_64 | 1.0.2 | 18.95 | 146.06 | 165.01 | OK | |
r-release-linux-x86_64 | 1.0.2 | 17.35 | 143.60 | 160.95 | OK | |
r-release-macos-arm64 | 1.0.2 | 7.00 | 42.00 | 49.00 | OK | |
r-release-macos-x86_64 | 1.0.2 | 13.00 | 88.00 | 101.00 | OK | |
r-release-windows-x86_64 | 1.0.2 | 22.00 | 144.00 | 166.00 | OK | |
r-oldrel-macos-arm64 | 1.0.2 | 8.00 | 52.00 | 60.00 | OK | |
r-oldrel-macos-x86_64 | 1.0.2 | 9.00 | 412.00 | 421.00 | OK | |
r-oldrel-windows-x86_64 | 1.0.2 | 29.00 | 181.00 | 210.00 | OK |
Version: 1.0.2
Check: Rd files
Result: NOTE
checkRd: (-1) kunfolding.Rd:30-60: Only 4 columns allowed in this table (row 17 has 3)
Flavor: r-devel-linux-x86_64-debian-gcc
These binaries (installable software) and packages are in development.
They may not be fully stable and should be used with caution. We make no claims about them.