Last updated on 2025-10-24 05:50:35 CEST.
| Flavor | Version | Tinstall | Tcheck | Ttotal | Status | Flags |
|---|---|---|---|---|---|---|
| r-devel-linux-x86_64-debian-clang | 1.3.8 | 20.06 | 122.94 | 143.00 | NOTE | |
| r-devel-linux-x86_64-debian-gcc | 1.3.8 | 16.79 | 88.64 | 105.43 | NOTE | |
| r-devel-linux-x86_64-fedora-clang | 1.3.8 | 51.00 | 170.31 | 221.31 | OK | |
| r-devel-linux-x86_64-fedora-gcc | 1.3.8 | 48.00 | 160.33 | 208.33 | OK | |
| r-devel-windows-x86_64 | 1.3.8 | 25.00 | 122.00 | 147.00 | OK | |
| r-patched-linux-x86_64 | 1.3.8 | 19.63 | 116.30 | 135.93 | OK | |
| r-release-linux-x86_64 | 1.3.8 | 19.13 | 114.41 | 133.54 | OK | |
| r-release-macos-arm64 | 1.3.8 | 9.00 | 48.00 | 57.00 | OK | |
| r-release-macos-x86_64 | 1.3.8 | 34.00 | 92.00 | 126.00 | OK | |
| r-release-windows-x86_64 | 1.3.8 | 23.00 | 122.00 | 145.00 | OK | |
| r-oldrel-macos-arm64 | 1.3.8 | 9.00 | 47.00 | 56.00 | OK | |
| r-oldrel-macos-x86_64 | 1.3.8 | 14.00 | 98.00 | 112.00 | OK | |
| r-oldrel-windows-x86_64 | 1.3.8 | 32.00 | 157.00 | 189.00 | OK |
Version: 1.3.8
Check: CRAN incoming feasibility
Result: NOTE
Maintainer: ‘Angelo Mazza <a.mazza@unict.it>’
No Authors@R field in DESCRIPTION.
Please add one, modifying
Authors@R: c(person(given = "Antonio",
family = "Punzo",
role = "aut"),
person(given = "Angelo",
family = "Mazza",
role = c("aut", "cre"),
email = "a.mazza@unict.it"),
person(given = c("Paul", "D."),
family = "McNicholas",
role = "aut"))
as necessary.
Flavors: r-devel-linux-x86_64-debian-clang, r-devel-linux-x86_64-debian-gcc
These binaries (installable software) and packages are in development.
They may not be fully stable and should be used with caution. We make no claims about them.