Last updated on 2025-05-01 17:56:00 CEST.
Flavor | Version | Tinstall | Tcheck | Ttotal | Status | Flags |
---|---|---|---|---|---|---|
r-devel-linux-x86_64-debian-clang | 0.1 | 14.53 | 127.38 | 141.91 | NOTE | |
r-devel-linux-x86_64-debian-gcc | 0.1 | 10.61 | 96.03 | 106.64 | OK | |
r-devel-linux-x86_64-fedora-clang | 0.1 | 229.97 | OK | |||
r-devel-linux-x86_64-fedora-gcc | 0.1 | 215.59 | OK | |||
r-devel-windows-x86_64 | 0.1 | 16.00 | 130.00 | 146.00 | OK | |
r-patched-linux-x86_64 | 0.1 | 13.78 | 119.98 | 133.76 | OK | |
r-release-linux-x86_64 | OK | |||||
r-release-macos-arm64 | 0.1 | 59.00 | OK | |||
r-release-macos-x86_64 | 0.1 | 160.00 | OK | |||
r-release-windows-x86_64 | 0.1 | 16.00 | 136.00 | 152.00 | OK | |
r-oldrel-macos-arm64 | 0.1 | 54.00 | OK | |||
r-oldrel-macos-x86_64 | 0.1 | 76.00 | OK | |||
r-oldrel-windows-x86_64 | 0.1 | 19.00 | 156.00 | 175.00 | OK |
Version: 0.1
Check: examples
Result: NOTE
Examples with CPU (user + system) or elapsed time > 5s
user system elapsed
conv.ann 5.850 0.095 7.573
conv.rt 5.232 0.162 6.317
Flavor: r-devel-linux-x86_64-debian-clang
Version: 0.1
Check: examples
Result: NA
user system elapsed
conv.ann 4.484 0.041 5.021
OK
Flavor: r-devel-linux-x86_64-debian-gcc
These binaries (installable software) and packages are in development.
They may not be fully stable and should be used with caution. We make no claims about them.