Last updated on 2025-05-08 04:52:01 CEST.
Flavor | Version | Tinstall | Tcheck | Ttotal | Status | Flags |
---|---|---|---|---|---|---|
r-devel-linux-x86_64-debian-clang | 0.2.2 | 7.17 | 108.06 | 115.23 | NOTE | |
r-devel-linux-x86_64-debian-gcc | 0.2.2 | 5.16 | 72.77 | 77.93 | NOTE | |
r-devel-linux-x86_64-fedora-clang | 0.2.2 | 175.57 | OK | |||
r-devel-linux-x86_64-fedora-gcc | 0.2.2 | 181.79 | OK | |||
r-devel-windows-x86_64 | 0.2.2 | 10.00 | 166.00 | 176.00 | OK | |
r-patched-linux-x86_64 | 0.2.2 | 10.23 | 102.41 | 112.64 | OK | |
r-release-linux-x86_64 | 0.2.2 | 7.33 | 102.10 | 109.43 | OK | |
r-release-macos-arm64 | 0.2.2 | 71.00 | OK | |||
r-release-macos-x86_64 | 0.2.2 | 129.00 | OK | |||
r-release-windows-x86_64 | 0.2.2 | 10.00 | 168.00 | 178.00 | OK | |
r-oldrel-macos-arm64 | 0.2.2 | 54.00 | OK | |||
r-oldrel-macos-x86_64 | 0.2.2 | 104.00 | OK | |||
r-oldrel-windows-x86_64 | 0.2.2 | 13.00 | 187.00 | 200.00 | OK |
Version: 0.2.2
Check: CRAN incoming feasibility
Result: NOTE
Maintainer: ‘Jochen Staudacher <jochen.staudacher@hs-kempten.de>’
Package CITATION file contains call(s) to old-style personList() or
as.personList(). Please use c() on person objects instead.
Package CITATION file contains call(s) to old-style citEntry(). Please
use bibentry() instead.
Flavors: r-devel-linux-x86_64-debian-clang, r-devel-linux-x86_64-debian-gcc
These binaries (installable software) and packages are in development.
They may not be fully stable and should be used with caution. We make no claims about them.