Last updated on 2024-07-27 15:50:14 CEST.
Flavor | Version | Tinstall | Tcheck | Ttotal | Status | Flags |
---|---|---|---|---|---|---|
r-devel-linux-x86_64-debian-clang | 3.0.1 | 42.60 | 349.86 | 392.46 | OK | |
r-devel-linux-x86_64-debian-gcc | 3.0.1 | OK | ||||
r-devel-linux-x86_64-fedora-clang | 3.0.1 | 476.51 | NOTE | |||
r-devel-linux-x86_64-fedora-gcc | 3.0.1 | 446.49 | NOTE | |||
r-devel-windows-x86_64 | 3.0.1 | 30.00 | 224.00 | 254.00 | OK | |
r-patched-linux-x86_64 | 3.0.1 | OK | ||||
r-release-linux-x86_64 | 3.0.1 | 30.87 | 337.16 | 368.03 | OK | |
r-release-macos-arm64 | 3.0.1 | 123.00 | OK | |||
r-release-macos-x86_64 | 3.0.1 | 208.00 | OK | |||
r-release-windows-x86_64 | 3.0.1 | 28.00 | 226.00 | 254.00 | OK | |
r-oldrel-macos-arm64 | 3.0.1 | 127.00 | OK | |||
r-oldrel-macos-x86_64 | 3.0.1 | 283.00 | OK | |||
r-oldrel-windows-x86_64 | 3.0.1 | 40.00 | 309.00 | 349.00 | OK |
Version: 3.0.1
Check: data for non-ASCII characters
Result: NOTE
Note: found 144 marked UTF-8 strings
Flavors: r-devel-linux-x86_64-fedora-clang, r-devel-linux-x86_64-fedora-gcc
These binaries (installable software) and packages are in development.
They may not be fully stable and should be used with caution. We make no claims about them.