Last updated on 2025-02-16 10:50:43 CET.
Flavor | Version | Tinstall | Tcheck | Ttotal | Status | Flags |
---|---|---|---|---|---|---|
r-devel-linux-x86_64-debian-clang | 1.0.0 | 11.22 | 83.19 | 94.41 | NOTE | |
r-devel-linux-x86_64-debian-gcc | 1.0.0 | 7.77 | 62.58 | 70.35 | NOTE | |
r-devel-linux-x86_64-fedora-clang | 1.0.0 | 161.42 | NOTE | |||
r-devel-linux-x86_64-fedora-gcc | 1.0.0 | 139.81 | NOTE | |||
r-devel-macos-arm64 | 1.0.0 | 45.00 | NOTE | |||
r-devel-macos-x86_64 | 1.0.0 | 85.00 | NOTE | |||
r-devel-windows-x86_64 | 1.0.0 | 12.00 | 88.00 | 100.00 | NOTE | |
r-patched-linux-x86_64 | 1.0.0 | 11.34 | 76.70 | 88.04 | NOTE | |
r-release-linux-x86_64 | 1.0.0 | 9.22 | 77.44 | 86.66 | NOTE | |
r-release-macos-arm64 | 1.0.0 | 39.00 | NOTE | |||
r-release-macos-x86_64 | 1.0.0 | 56.00 | NOTE | |||
r-release-windows-x86_64 | 1.0.0 | 11.00 | 105.00 | 116.00 | NOTE | |
r-oldrel-macos-arm64 | 1.0.0 | 42.00 | OK | |||
r-oldrel-macos-x86_64 | 1.0.0 | 70.00 | OK | |||
r-oldrel-windows-x86_64 | 1.0.0 | 16.00 | 125.00 | 141.00 | OK |
Version: 1.0.0
Check: Rd files
Result: NOTE
checkRd: (-1) condQestCopC.Rd:45: Lost braces; missing escapes or markup?
45 | obtain the conditional qth quantile of Y_{n+1} given {Y1,...,Yn}.
| ^
checkRd: (-1) condQestCopC.Rd:45: Lost braces; missing escapes or markup?
45 | obtain the conditional qth quantile of Y_{n+1} given {Y1,...,Yn}.
| ^
checkRd: (-1) condQestCopC.Rd:40: Lost braces; missing escapes or markup?
40 | \code{condQestCopC} returns the conditional tao-th quantile of Y_{n+1} given {Y1,...,Yn}
| ^
checkRd: (-1) condQestCopC.Rd:40: Lost braces; missing escapes or markup?
40 | \code{condQestCopC} returns the conditional tao-th quantile of Y_{n+1} given {Y1,...,Yn}
| ^
Flavors: r-devel-linux-x86_64-debian-clang, r-devel-linux-x86_64-debian-gcc, r-devel-linux-x86_64-fedora-clang, r-devel-linux-x86_64-fedora-gcc, r-devel-macos-arm64, r-devel-macos-x86_64, r-devel-windows-x86_64, r-patched-linux-x86_64, r-release-linux-x86_64, r-release-macos-arm64, r-release-macos-x86_64, r-release-windows-x86_64
These binaries (installable software) and packages are in development.
They may not be fully stable and should be used with caution. We make no claims about them.