Last updated on 2024-07-27 15:50:14 CEST.
Flavor | Version | Tinstall | Tcheck | Ttotal | Status | Flags |
---|---|---|---|---|---|---|
r-devel-linux-x86_64-debian-clang | 1.0.0 | 11.31 | 93.06 | 104.37 | NOTE | |
r-devel-linux-x86_64-debian-gcc | 1.0.0 | NOTE | ||||
r-devel-linux-x86_64-fedora-clang | 1.0.0 | 128.24 | NOTE | |||
r-devel-linux-x86_64-fedora-gcc | 1.0.0 | 120.25 | NOTE | |||
r-devel-windows-x86_64 | 1.0.0 | 11.00 | 82.00 | 93.00 | NOTE | |
r-patched-linux-x86_64 | 1.0.0 | NOTE | ||||
r-release-linux-x86_64 | 1.0.0 | 10.24 | 86.90 | 97.14 | NOTE | |
r-release-macos-arm64 | 1.0.0 | 39.00 | NOTE | |||
r-release-macos-x86_64 | 1.0.0 | 56.00 | NOTE | |||
r-release-windows-x86_64 | 1.0.0 | 10.00 | 82.00 | 92.00 | NOTE | |
r-oldrel-macos-arm64 | 1.0.0 | 42.00 | OK | |||
r-oldrel-macos-x86_64 | 1.0.0 | 70.00 | OK | |||
r-oldrel-windows-x86_64 | 1.0.0 | 12.00 | 101.00 | 113.00 | OK |
Version: 1.0.0
Check: Rd files
Result: NOTE
checkRd: (-1) condQestCopC.Rd:45: Lost braces; missing escapes or markup?
45 | obtain the conditional qth quantile of Y_{n+1} given {Y1,...,Yn}.
| ^
checkRd: (-1) condQestCopC.Rd:45: Lost braces; missing escapes or markup?
45 | obtain the conditional qth quantile of Y_{n+1} given {Y1,...,Yn}.
| ^
checkRd: (-1) condQestCopC.Rd:40: Lost braces; missing escapes or markup?
40 | \code{condQestCopC} returns the conditional tao-th quantile of Y_{n+1} given {Y1,...,Yn}
| ^
checkRd: (-1) condQestCopC.Rd:40: Lost braces; missing escapes or markup?
40 | \code{condQestCopC} returns the conditional tao-th quantile of Y_{n+1} given {Y1,...,Yn}
| ^
Flavors: r-devel-linux-x86_64-debian-clang, r-devel-linux-x86_64-debian-gcc, r-devel-linux-x86_64-fedora-clang, r-devel-linux-x86_64-fedora-gcc, r-devel-windows-x86_64, r-patched-linux-x86_64, r-release-linux-x86_64, r-release-macos-arm64, r-release-macos-x86_64, r-release-windows-x86_64
These binaries (installable software) and packages are in development.
They may not be fully stable and should be used with caution. We make no claims about them.