Last updated on 2025-07-27 11:49:22 CEST.
Flavor | Version | Tinstall | Tcheck | Ttotal | Status | Flags |
---|---|---|---|---|---|---|
r-devel-linux-x86_64-debian-clang | 1.0.5 | 4.35 | 42.50 | 46.85 | OK | |
r-devel-linux-x86_64-debian-gcc | 1.0.5 | 3.00 | 34.13 | 37.13 | OK | |
r-devel-linux-x86_64-fedora-clang | 1.0.5 | 70.00 | OK | |||
r-devel-linux-x86_64-fedora-gcc | 1.0.5 | 82.08 | OK | |||
r-devel-windows-x86_64 | 1.0.5 | 6.00 | 56.00 | 62.00 | OK | |
r-patched-linux-x86_64 | 1.0.5 | 3.89 | 38.95 | 42.84 | OK | |
r-release-linux-x86_64 | 1.0.5 | 3.96 | 39.22 | 43.18 | OK | |
r-release-macos-arm64 | 1.0.5 | 36.00 | OK | |||
r-release-macos-x86_64 | 1.0.5 | 59.00 | OK | |||
r-release-windows-x86_64 | 1.0.5 | 6.00 | 57.00 | 63.00 | OK | |
r-oldrel-macos-arm64 | 1.0.5 | 35.00 | NOTE | |||
r-oldrel-macos-x86_64 | 1.0.5 | 65.00 | NOTE | |||
r-oldrel-windows-x86_64 | 1.0.5 | 6.00 | 71.00 | 77.00 | NOTE |
Version: 1.0.5
Check: installed package size
Result: NOTE
installed size is 7.2Mb
sub-directories of 1Mb or more:
doc 2.0Mb
vignette_data 2.6Mb
Flavors: r-oldrel-macos-arm64, r-oldrel-macos-x86_64, r-oldrel-windows-x86_64
These binaries (installable software) and packages are in development.
They may not be fully stable and should be used with caution. We make no claims about them.