CRAN Package Check Results for Package CopernicusDEM

Last updated on 2025-02-16 10:50:43 CET.

Flavor Version Tinstall Tcheck Ttotal Status Flags
r-devel-linux-x86_64-debian-clang 1.0.5 4.66 39.69 44.35 OK
r-devel-linux-x86_64-debian-gcc 1.0.5 3.52 31.66 35.18 OK
r-devel-linux-x86_64-fedora-clang 1.0.5 71.51 OK
r-devel-linux-x86_64-fedora-gcc 1.0.5 77.73 OK
r-devel-macos-arm64 1.0.5 32.00 OK
r-devel-macos-x86_64 1.0.5 68.00 OK
r-devel-windows-x86_64 1.0.5 6.00 58.00 64.00 OK
r-patched-linux-x86_64 1.0.5 4.12 37.64 41.76 OK
r-release-linux-x86_64 1.0.5 4.25 37.67 41.92 OK
r-release-macos-arm64 1.0.5 35.00 NOTE
r-release-macos-x86_64 1.0.5 65.00 NOTE
r-release-windows-x86_64 1.0.5 6.00 75.00 81.00 NOTE
r-oldrel-macos-arm64 1.0.5 35.00 NOTE
r-oldrel-macos-x86_64 1.0.5 53.00 NOTE
r-oldrel-windows-x86_64 1.0.5 7.00 82.00 89.00 NOTE

Check Details

Version: 1.0.5
Check: installed package size
Result: NOTE installed size is 7.2Mb sub-directories of 1Mb or more: doc 2.0Mb vignette_data 2.6Mb Flavors: r-release-macos-arm64, r-release-macos-x86_64, r-release-windows-x86_64, r-oldrel-macos-arm64, r-oldrel-macos-x86_64, r-oldrel-windows-x86_64

These binaries (installable software) and packages are in development.
They may not be fully stable and should be used with caution. We make no claims about them.