Last updated on 2025-05-08 04:52:01 CEST.
Flavor | Version | Tinstall | Tcheck | Ttotal | Status | Flags |
---|---|---|---|---|---|---|
r-devel-linux-x86_64-debian-clang | 2.9 | 11.32 | 52.66 | 63.98 | NOTE | |
r-devel-linux-x86_64-debian-gcc | 2.9 | 7.19 | 35.54 | 42.73 | NOTE | |
r-devel-linux-x86_64-fedora-clang | 2.9 | 101.30 | OK | |||
r-devel-linux-x86_64-fedora-gcc | 2.9 | 97.42 | OK | |||
r-devel-windows-x86_64 | 2.9 | 10.00 | 66.00 | 76.00 | OK | |
r-patched-linux-x86_64 | 2.9 | 11.80 | 50.48 | 62.28 | OK | |
r-release-linux-x86_64 | 2.9 | 11.30 | 49.75 | 61.05 | OK | |
r-release-macos-arm64 | 2.9 | 27.00 | OK | |||
r-release-macos-x86_64 | 2.9 | 54.00 | OK | |||
r-release-windows-x86_64 | 2.9 | 10.00 | 66.00 | 76.00 | OK | |
r-oldrel-macos-arm64 | 2.9 | 30.00 | OK | |||
r-oldrel-macos-x86_64 | 2.9 | 41.00 | OK | |||
r-oldrel-windows-x86_64 | 2.9 | 11.00 | 65.00 | 76.00 | OK |
Version: 2.9
Check: CRAN incoming feasibility
Result: NOTE
Maintainer: ‘Takeshi Emura <takeshiemura@gmail.com>’
No Authors@R field in DESCRIPTION.
Please add one, modifying
Authors@R: c(person(given = "Takeshi",
family = "Emura",
role = c("aut", "cre"),
email = "takeshiemura@gmail.com"),
person(given = "Xinwei",
family = "Huang",
role = "aut"),
person(given = "Ting-Hsuan",
family = "Long",
role = "aut"),
person(given = "Li-Hsien",
family = "Sun",
role = "aut"))
as necessary.
Flavors: r-devel-linux-x86_64-debian-clang, r-devel-linux-x86_64-debian-gcc
These binaries (installable software) and packages are in development.
They may not be fully stable and should be used with caution. We make no claims about them.