Last updated on 2025-11-24 15:49:48 CET.
| Flavor | Version | Tinstall | Tcheck | Ttotal | Status | Flags |
|---|---|---|---|---|---|---|
| r-devel-linux-x86_64-debian-clang | 1.0.0 | 8.66 | 64.59 | 73.25 | NOTE | |
| r-devel-linux-x86_64-debian-gcc | 1.0.0 | 7.30 | 46.27 | 53.57 | NOTE | |
| r-devel-linux-x86_64-fedora-clang | 1.0.0 | 21.00 | 86.28 | 107.28 | OK | |
| r-devel-linux-x86_64-fedora-gcc | 1.0.0 | 21.00 | 85.13 | 106.13 | OK | |
| r-devel-windows-x86_64 | 1.0.0 | 11.00 | 70.00 | 81.00 | OK | |
| r-patched-linux-x86_64 | 1.0.0 | 9.05 | 61.37 | 70.42 | OK | |
| r-release-linux-x86_64 | 1.0.0 | 8.30 | 59.90 | 68.20 | OK | |
| r-release-macos-arm64 | 1.0.0 | OK | ||||
| r-release-macos-x86_64 | 1.0.0 | 7.00 | 49.00 | 56.00 | OK | |
| r-release-windows-x86_64 | 1.0.0 | 10.00 | 80.00 | 90.00 | OK | |
| r-oldrel-macos-arm64 | 1.0.0 | NOTE | ||||
| r-oldrel-macos-x86_64 | 1.0.0 | 7.00 | 40.00 | 47.00 | NOTE | |
| r-oldrel-windows-x86_64 | 1.0.0 | 13.00 | 89.00 | 102.00 | NOTE |
Version: 1.0.0
Check: CRAN incoming feasibility
Result: NOTE
Maintainer: ‘Xin-Wei Huang <xinweihuang@hotmail.com>’
No Authors@R field in DESCRIPTION.
Please add one, modifying
Authors@R: c(person(given = "Xin-Wei",
family = "Huang",
role = c("aut", "cre"),
email = "xinweihuang@hotmail.com"),
person(given = "Takeshi",
family = "Emura",
role = "aut"))
as necessary.
Flavors: r-devel-linux-x86_64-debian-clang, r-devel-linux-x86_64-debian-gcc
Version: 1.0.0
Check: LazyData
Result: NOTE
'LazyData' is specified without a 'data' directory
Flavors: r-oldrel-macos-arm64, r-oldrel-macos-x86_64, r-oldrel-windows-x86_64
These binaries (installable software) and packages are in development.
They may not be fully stable and should be used with caution. We make no claims about them.