CRAN Package Check Results for Package CorBin

Last updated on 2025-02-16 10:50:43 CET.

Flavor Version Tinstall Tcheck Ttotal Status Flags
r-devel-linux-x86_64-debian-clang 1.0.0 1.60 17.78 19.38 OK
r-devel-linux-x86_64-debian-gcc 1.0.0 1.74 14.68 16.42 OK
r-devel-linux-x86_64-fedora-clang 1.0.0 32.25 OK
r-devel-linux-x86_64-fedora-gcc 1.0.0 29.88 OK
r-devel-macos-arm64 1.0.0 13.00 OK
r-devel-macos-x86_64 1.0.0 25.00 OK
r-devel-windows-x86_64 1.0.0 3.00 37.00 40.00 OK
r-patched-linux-x86_64 1.0.0 2.18 17.09 19.27 NOTE
r-release-linux-x86_64 1.0.0 1.94 17.23 19.17 NOTE
r-release-macos-arm64 1.0.0 18.00 NOTE
r-release-macos-x86_64 1.0.0 22.00 NOTE
r-release-windows-x86_64 1.0.0 4.00 36.00 40.00 NOTE
r-oldrel-macos-arm64 1.0.0 16.00 NOTE
r-oldrel-macos-x86_64 1.0.0 20.00 NOTE
r-oldrel-windows-x86_64 1.0.0 4.00 36.00 40.00 NOTE

Check Details

Version: 1.0.0
Check: LazyData
Result: NOTE 'LazyData' is specified without a 'data' directory Flavors: r-patched-linux-x86_64, r-release-linux-x86_64, r-release-macos-arm64, r-release-macos-x86_64, r-release-windows-x86_64, r-oldrel-macos-arm64, r-oldrel-macos-x86_64, r-oldrel-windows-x86_64

These binaries (installable software) and packages are in development.
They may not be fully stable and should be used with caution. We make no claims about them.