Last updated on 2025-05-01 17:56:00 CEST.
Flavor | Version | Tinstall | Tcheck | Ttotal | Status | Flags |
---|---|---|---|---|---|---|
r-devel-linux-x86_64-debian-clang | 1.1 | 4.04 | 44.31 | 48.35 | NOTE | |
r-devel-linux-x86_64-debian-gcc | 1.1 | 2.85 | 31.02 | 33.87 | NOTE | |
r-devel-linux-x86_64-fedora-clang | 1.1 | 76.40 | OK | |||
r-devel-linux-x86_64-fedora-gcc | 1.1 | 71.84 | OK | |||
r-devel-windows-x86_64 | 1.1 | 4.00 | 62.00 | 66.00 | OK | |
r-patched-linux-x86_64 | 1.1 | 3.30 | 41.55 | 44.85 | OK | |
r-release-linux-x86_64 | OK | |||||
r-release-macos-arm64 | 1.1 | 28.00 | OK | |||
r-release-macos-x86_64 | 1.1 | 44.00 | OK | |||
r-release-windows-x86_64 | 1.1 | 5.00 | 62.00 | 67.00 | OK | |
r-oldrel-macos-arm64 | 1.1 | 25.00 | OK | |||
r-oldrel-macos-x86_64 | 1.1 | 36.00 | OK | |||
r-oldrel-windows-x86_64 | 1.1 | 6.00 | 72.00 | 78.00 | OK |
Version: 1.1
Check: CRAN incoming feasibility
Result: NOTE
Maintainer: ‘Wim Van der Elst <Wim.vanderelst@gmail.com>’
No Authors@R field in DESCRIPTION.
Please add one, modifying
Authors@R: c(person(given = "Wim",
family = "Van der Elst",
role = c("aut", "cre"),
email = "wim.vanderelst@gmail.com"),
person(given = "Geert",
family = "Molenberghs",
role = "aut"),
person(given = "Dieter",
family = "Hilgers",
role = "aut"),
person(given = c("&", "Nicole"),
family = "Heussen",
role = "aut"))
as necessary.
Flavors: r-devel-linux-x86_64-debian-clang, r-devel-linux-x86_64-debian-gcc
These binaries (installable software) and packages are in development.
They may not be fully stable and should be used with caution. We make no claims about them.