CRAN Package Check Results for Package Counterfactual

Last updated on 2025-07-03 03:49:38 CEST.

Flavor Version Tinstall Tcheck Ttotal Status Flags
r-devel-linux-x86_64-debian-clang 1.2 12.77 114.16 126.93 NOTE
r-devel-linux-x86_64-debian-gcc 1.2 8.27 83.60 91.87 NOTE
r-devel-linux-x86_64-fedora-clang 1.2 192.14 OK
r-devel-linux-x86_64-fedora-gcc 1.2 201.93 OK
r-devel-windows-x86_64 1.2 14.00 421.00 435.00 OK
r-patched-linux-x86_64 1.2 13.44 108.19 121.63 OK
r-release-linux-x86_64 1.2 11.54 106.25 117.79 OK
r-release-macos-arm64 1.2 182.00 OK
r-release-macos-x86_64 1.2 341.00 OK
r-release-windows-x86_64 1.2 16.00 409.00 425.00 OK
r-oldrel-macos-arm64 1.2 165.00 OK
r-oldrel-macos-x86_64 1.2 272.00 OK
r-oldrel-windows-x86_64 1.2 20.00 487.00 507.00 OK

Check Details

Version: 1.2
Check: CRAN incoming feasibility
Result: NOTE Maintainer: ‘Ivan Fernandez-Val <ivanf@bu.edu>’ No Authors@R field in DESCRIPTION. Please add one, modifying Authors@R: c(person(given = "Mingli", family = "Chen", role = "aut"), person(given = "Victor", family = "Chernozhukov", role = "aut"), person(given = "Ivan", family = "Fernandez-Val", role = c("aut", "cre"), email = "ivanf@bu.edu"), person(given = "Blaise", family = "Melly", role = "aut")) as necessary. Flavors: r-devel-linux-x86_64-debian-clang, r-devel-linux-x86_64-debian-gcc

These binaries (installable software) and packages are in development.
They may not be fully stable and should be used with caution. We make no claims about them.