Last updated on 2025-02-23 15:49:40 CET.
Flavor | Version | Tinstall | Tcheck | Ttotal | Status | Flags |
---|---|---|---|---|---|---|
r-devel-linux-x86_64-debian-clang | 0.5.4 | 47.91 | 85.04 | 132.95 | NOTE | |
r-devel-linux-x86_64-debian-gcc | 0.5.4 | 32.90 | 62.09 | 94.99 | NOTE | |
r-devel-linux-x86_64-fedora-clang | 0.5.4 | 234.58 | NOTE | |||
r-devel-linux-x86_64-fedora-gcc | 0.5.4 | 219.85 | NOTE | |||
r-devel-macos-arm64 | 0.5.4 | 54.00 | NOTE | |||
r-devel-macos-x86_64 | 0.5.4 | 104.00 | NOTE | |||
r-devel-windows-x86_64 | 0.5.4 | 48.00 | 124.00 | 172.00 | NOTE | |
r-patched-linux-x86_64 | 0.5.4 | 46.61 | 79.81 | 126.42 | NOTE | |
r-release-linux-x86_64 | 0.5.4 | 43.88 | 79.45 | 123.33 | NOTE | |
r-release-macos-arm64 | 0.5.4 | 61.00 | NOTE | |||
r-release-macos-x86_64 | 0.5.4 | 82.00 | NOTE | |||
r-release-windows-x86_64 | 0.5.4 | 56.00 | 120.00 | 176.00 | NOTE | |
r-oldrel-macos-arm64 | 0.5.4 | 66.00 | NOTE | |||
r-oldrel-macos-x86_64 | 0.5.4 | 113.00 | NOTE | |||
r-oldrel-windows-x86_64 | 0.5.4 | 67.00 | 152.00 | 219.00 | NOTE |
Version: 0.5.4
Check: C++ specification
Result: NOTE
Specified C++11: please drop specification unless essential
Flavors: r-devel-linux-x86_64-debian-clang, r-devel-linux-x86_64-debian-gcc, r-devel-linux-x86_64-fedora-clang, r-devel-linux-x86_64-fedora-gcc, r-devel-macos-arm64, r-devel-macos-x86_64, r-devel-windows-x86_64, r-patched-linux-x86_64, r-release-linux-x86_64, r-release-macos-arm64, r-release-macos-x86_64, r-release-windows-x86_64, r-oldrel-macos-arm64, r-oldrel-macos-x86_64, r-oldrel-windows-x86_64
These binaries (installable software) and packages are in development.
They may not be fully stable and should be used with caution. We make no claims about them.