CRAN Package Check Results for Package CovTools

Last updated on 2025-07-21 15:50:59 CEST.

Flavor Version Tinstall Tcheck Ttotal Status Flags
r-devel-linux-x86_64-debian-clang 0.5.4 46.57 86.73 133.30 NOTE
r-devel-linux-x86_64-debian-gcc 0.5.4 34.03 64.45 98.48 NOTE
r-devel-linux-x86_64-fedora-clang 0.5.4 235.28 NOTE
r-devel-linux-x86_64-fedora-gcc 0.5.4 197.54 NOTE
r-devel-windows-x86_64 0.5.4 58.00 121.00 179.00 NOTE
r-patched-linux-x86_64 0.5.4 45.27 81.28 126.55 NOTE
r-release-linux-x86_64 0.5.4 42.70 81.52 124.22 NOTE
r-release-macos-arm64 0.5.4 54.00 NOTE
r-release-macos-x86_64 0.5.4 104.00 NOTE
r-release-windows-x86_64 0.5.4 57.00 119.00 176.00 NOTE
r-oldrel-macos-arm64 0.5.4 61.00 NOTE
r-oldrel-macos-x86_64 0.5.4 82.00 NOTE
r-oldrel-windows-x86_64 0.5.4 69.00 156.00 225.00 NOTE

Check Details

Version: 0.5.4
Check: C++ specification
Result: NOTE Specified C++11: please drop specification unless essential Flavors: r-devel-linux-x86_64-debian-clang, r-devel-linux-x86_64-debian-gcc, r-devel-linux-x86_64-fedora-clang, r-devel-linux-x86_64-fedora-gcc, r-devel-windows-x86_64, r-patched-linux-x86_64, r-release-linux-x86_64, r-release-macos-arm64, r-release-macos-x86_64, r-release-windows-x86_64, r-oldrel-macos-arm64, r-oldrel-macos-x86_64, r-oldrel-windows-x86_64

These binaries (installable software) and packages are in development.
They may not be fully stable and should be used with caution. We make no claims about them.