CRAN Package Check Results for Package CoxR2

Last updated on 2025-11-24 15:49:48 CET.

Flavor Version Tinstall Tcheck Ttotal Status Flags
r-devel-linux-x86_64-debian-clang 1.0 5.05 49.48 54.53 NOTE
r-devel-linux-x86_64-debian-gcc 1.0 4.37 38.19 42.56 NOTE
r-devel-linux-x86_64-fedora-clang 1.0 12.00 68.91 80.91 OK
r-devel-linux-x86_64-fedora-gcc 1.0 13.00 66.75 79.75 OK
r-devel-windows-x86_64 1.0 7.00 58.00 65.00 OK
r-patched-linux-x86_64 1.0 5.77 47.60 53.37 OK
r-release-linux-x86_64 1.0 5.76 48.05 53.81 OK
r-release-macos-arm64 1.0 OK
r-release-macos-x86_64 1.0 4.00 43.00 47.00 OK
r-release-windows-x86_64 1.0 7.00 69.00 76.00 OK
r-oldrel-macos-arm64 1.0 OK
r-oldrel-macos-x86_64 1.0 5.00 35.00 40.00 OK
r-oldrel-windows-x86_64 1.0 9.00 69.00 78.00 OK

Check Details

Version: 1.0
Check: CRAN incoming feasibility
Result: NOTE Maintainer: ‘Hyeri You <h2you@health.ucsd.edu>’ No Authors@R field in DESCRIPTION. Please add one, modifying Authors@R: c(person(given = "Hyeri", family = "You", role = c("aut", "cre"), email = "h2you@health.ucsd.edu"), person(given = "Ronghui", family = "Xu", role = "aut")) as necessary. Flavors: r-devel-linux-x86_64-debian-clang, r-devel-linux-x86_64-debian-gcc

These binaries (installable software) and packages are in development.
They may not be fully stable and should be used with caution. We make no claims about them.