Last updated on 2025-11-11 17:49:55 CET.
| Flavor | Version | Tinstall | Tcheck | Ttotal | Status | Flags |
|---|---|---|---|---|---|---|
| r-devel-linux-x86_64-debian-clang | 1.1.5 | 38.91 | 754.15 | 793.06 | OK | |
| r-devel-linux-x86_64-debian-gcc | 1.1.5 | 28.63 | 494.59 | 523.22 | OK | |
| r-devel-linux-x86_64-fedora-clang | 1.1.5 | 352.00 | 973.04 | 1325.04 | OK | |
| r-devel-linux-x86_64-fedora-gcc | 1.1.5 | 89.00 | 1072.62 | 1161.62 | OK | |
| r-devel-windows-x86_64 | 1.1.5 | 43.00 | 596.00 | 639.00 | OK | |
| r-patched-linux-x86_64 | 1.1.5 | 37.73 | 712.15 | 749.88 | OK | |
| r-release-linux-x86_64 | 1.1.5 | 37.44 | 714.14 | 751.58 | OK | |
| r-release-macos-arm64 | 1.1.5 | 20.00 | 162.00 | 182.00 | OK | |
| r-release-macos-x86_64 | 1.1.5 | 49.00 | 383.00 | 432.00 | OK | |
| r-release-windows-x86_64 | 1.1.5 | 43.00 | 593.00 | 636.00 | OK | |
| r-oldrel-macos-arm64 | 1.1.5 | 14.00 | 154.00 | 168.00 | NOTE | |
| r-oldrel-macos-x86_64 | 1.1.5 | 41.00 | 432.00 | 473.00 | NOTE | |
| r-oldrel-windows-x86_64 | 1.1.5 | 62.00 | 821.00 | 883.00 | NOTE |
Version: 1.1.5
Check: installed package size
Result: NOTE
installed size is 5.6Mb
sub-directories of 1Mb or more:
data 1.2Mb
doc 2.8Mb
Flavors: r-oldrel-macos-arm64, r-oldrel-macos-x86_64, r-oldrel-windows-x86_64
These binaries (installable software) and packages are in development.
They may not be fully stable and should be used with caution. We make no claims about them.