CRAN Package Check Results for Package CpGFilter

Last updated on 2025-11-27 15:49:47 CET.

Flavor Version Tinstall Tcheck Ttotal Status Flags
r-devel-linux-x86_64-debian-clang 1.1 1.56 20.12 21.68 NOTE
r-devel-linux-x86_64-debian-gcc 1.1 1.48 16.25 17.73 NOTE
r-devel-linux-x86_64-fedora-clang 1.1 30.51 OK
r-devel-linux-x86_64-fedora-gcc 1.1 29.95 OK
r-devel-windows-x86_64 1.1 5.00 38.00 43.00 OK
r-patched-linux-x86_64 1.1 1.85 18.91 20.76 OK
r-release-linux-x86_64 1.1 1.73 18.89 20.62 OK
r-release-macos-arm64 1.1 OK
r-release-macos-x86_64 1.1 2.00 25.00 27.00 OK
r-release-windows-x86_64 1.1 4.00 42.00 46.00 OK
r-oldrel-macos-arm64 1.1 OK
r-oldrel-macos-x86_64 1.1 2.00 20.00 22.00 OK
r-oldrel-windows-x86_64 1.1 4.00 42.00 46.00 OK

Check Details

Version: 1.1
Check: CRAN incoming feasibility
Result: NOTE Maintainer: ‘Jun Chen <chen.jun2@mayo.edu>’ No Authors@R field in DESCRIPTION. Please add one, modifying Authors@R: person(given = "Jun", family = "Chen", role = c("aut", "cre"), email = "Chen.Jun2@mayo.edu") as necessary. Flavors: r-devel-linux-x86_64-debian-clang, r-devel-linux-x86_64-debian-gcc

These binaries (installable software) and packages are in development.
They may not be fully stable and should be used with caution. We make no claims about them.