CRAN Package Check Results for Package CpGFilter

Last updated on 2025-07-01 11:49:16 CEST.

Flavor Version Tinstall Tcheck Ttotal Status Flags
r-devel-linux-x86_64-debian-clang 1.1 1.79 18.64 20.43 NOTE
r-devel-linux-x86_64-debian-gcc 1.1 1.40 15.59 16.99 NOTE
r-devel-linux-x86_64-fedora-clang 1.1 29.77 OK
r-devel-linux-x86_64-fedora-gcc 1.1 32.08 OK
r-devel-windows-x86_64 1.1 4.00 39.00 43.00 OK
r-patched-linux-x86_64 OK
r-release-linux-x86_64 1.1 1.79 17.75 19.54 OK
r-release-macos-arm64 1.1 14.00 OK
r-release-macos-x86_64 1.1 27.00 OK
r-release-windows-x86_64 1.1 3.00 40.00 43.00 OK
r-oldrel-macos-arm64 1.1 14.00 OK
r-oldrel-macos-x86_64 1.1 22.00 OK
r-oldrel-windows-x86_64 1.1 3.00 43.00 46.00 OK

Check Details

Version: 1.1
Check: CRAN incoming feasibility
Result: NOTE Maintainer: ‘Jun Chen <chen.jun2@mayo.edu>’ No Authors@R field in DESCRIPTION. Please add one, modifying Authors@R: person(given = "Jun", family = "Chen", role = c("aut", "cre"), email = "Chen.Jun2@mayo.edu") as necessary. Flavors: r-devel-linux-x86_64-debian-clang, r-devel-linux-x86_64-debian-gcc

These binaries (installable software) and packages are in development.
They may not be fully stable and should be used with caution. We make no claims about them.