Last updated on 2025-02-19 08:50:37 CET.
Flavor | Version | Tinstall | Tcheck | Ttotal | Status | Flags |
---|---|---|---|---|---|---|
r-devel-linux-x86_64-debian-clang | 2.3.4 | 6.37 | 93.83 | 100.20 | NOTE | |
r-devel-linux-x86_64-debian-gcc | 2.3.4 | 3.81 | 58.27 | 62.08 | NOTE | |
r-devel-linux-x86_64-fedora-clang | 2.3.4 | 160.95 | OK | |||
r-devel-linux-x86_64-fedora-gcc | 2.3.4 | 167.90 | OK | |||
r-devel-macos-arm64 | 2.3.4 | 48.00 | OK | |||
r-devel-macos-x86_64 | 2.3.4 | 97.00 | OK | |||
r-devel-windows-x86_64 | 2.3.4 | 7.00 | 112.00 | 119.00 | NOTE | |
r-patched-linux-x86_64 | 2.3.4 | 8.61 | 91.26 | 99.87 | OK | |
r-release-linux-x86_64 | 2.3.4 | 5.68 | 87.88 | 93.56 | OK | |
r-release-macos-arm64 | 2.3.4 | 47.00 | OK | |||
r-release-macos-x86_64 | 2.3.4 | 75.00 | OK | |||
r-release-windows-x86_64 | 2.3.4 | 7.00 | 109.00 | 116.00 | OK | |
r-oldrel-macos-arm64 | 2.3.4 | 68.00 | OK | |||
r-oldrel-macos-x86_64 | 2.3.4 | 123.00 | OK | |||
r-oldrel-windows-x86_64 | 2.3.4 | 9.00 | 121.00 | 130.00 | OK |
Version: 2.3.4
Check: Rd cross-references
Result: NOTE
Found the following Rd file(s) with Rd \link{} targets missing package
anchors:
CrossVal.Rd: Modeler, Modeler-class
Please provide package anchors for all Rd \link{} targets not in the
package itself and the base packages.
Flavors: r-devel-linux-x86_64-debian-clang, r-devel-linux-x86_64-debian-gcc, r-devel-windows-x86_64
These binaries (installable software) and packages are in development.
They may not be fully stable and should be used with caution. We make no claims about them.