Last updated on 2025-02-07 10:49:18 CET.
Flavor | Version | Tinstall | Tcheck | Ttotal | Status | Flags |
---|---|---|---|---|---|---|
r-devel-linux-x86_64-debian-clang | 0.0.1 | 2.90 | 25.60 | 28.50 | OK | |
r-devel-linux-x86_64-debian-gcc | 0.0.1 | 1.92 | 19.57 | 21.49 | OK | |
r-devel-linux-x86_64-fedora-clang | 0.0.1 | 48.44 | NOTE | |||
r-devel-linux-x86_64-fedora-gcc | 0.0.1 | 43.87 | NOTE | |||
r-devel-windows-x86_64 | 0.0.1 | 4.00 | 47.00 | 51.00 | OK | |
r-patched-linux-x86_64 | 0.0.1 | 2.57 | 24.49 | 27.06 | OK | |
r-release-linux-x86_64 | 0.0.1 | 2.06 | 24.35 | 26.41 | OK | |
r-release-macos-arm64 | 0.0.1 | 9.00 | ERROR | |||
r-release-macos-x86_64 | 0.0.1 | 11.00 | ERROR | |||
r-release-windows-x86_64 | 0.0.1 | 5.00 | 48.00 | 53.00 | OK | |
r-oldrel-macos-arm64 | 0.0.1 | 19.00 | ERROR | |||
r-oldrel-macos-x86_64 | 0.0.1 | 13.00 | ERROR | |||
r-oldrel-windows-x86_64 | 0.0.1 | 5.00 | 51.00 | 56.00 | OK |
Version: 0.0.1
Check: dependencies in R code
Result: NOTE
Namespace in Imports field not imported from: ‘TCGAbiolinks’
All declared Imports should be used.
Flavors: r-devel-linux-x86_64-fedora-clang, r-devel-linux-x86_64-fedora-gcc
Version: 0.0.1
Check: package dependencies
Result: ERROR
Package required but not available: ‘TCGAbiolinks’
See section ‘The DESCRIPTION file’ in the ‘Writing R Extensions’
manual.
Flavors: r-release-macos-arm64, r-release-macos-x86_64, r-oldrel-macos-arm64, r-oldrel-macos-x86_64
These binaries (installable software) and packages are in development.
They may not be fully stable and should be used with caution. We make no claims about them.