CRAN Package Check Results for Package CutpointsOEHR

Last updated on 2025-07-26 07:50:19 CEST.

Flavor Version Tinstall Tcheck Ttotal Status Flags
r-devel-linux-x86_64-debian-clang 0.1.2 1.75 19.28 21.03 NOTE
r-devel-linux-x86_64-debian-gcc 0.1.2 1.48 16.38 17.86 NOTE
r-devel-linux-x86_64-fedora-clang 0.1.2 32.93 OK
r-devel-linux-x86_64-fedora-gcc 0.1.2 29.88 OK
r-devel-windows-x86_64 0.1.2 3.00 47.00 50.00 OK
r-patched-linux-x86_64 0.1.2 1.87 18.46 20.33 OK
r-release-linux-x86_64 0.1.2 1.41 18.03 19.44 OK
r-release-macos-arm64 0.1.2 15.00 OK
r-release-macos-x86_64 0.1.2 24.00 OK
r-release-windows-x86_64 0.1.2 3.00 51.00 54.00 OK
r-oldrel-macos-arm64 0.1.2 15.00 OK
r-oldrel-macos-x86_64 0.1.2 21.00 OK
r-oldrel-windows-x86_64 0.1.2 3.00 42.00 45.00 OK

Check Details

Version: 0.1.2
Check: CRAN incoming feasibility
Result: NOTE Maintainer: ‘Yimin Chen <chenyimin0226@126.com>’ No Authors@R field in DESCRIPTION. Please add one, modifying Authors@R: c(person(given = "Yimin", family = "Chen", role = c("aut", "cre"), email = "chenyimin0226@126.com"), person(given = "Zhang", family = "Jinxin", role = "aut")) as necessary. Flavors: r-devel-linux-x86_64-debian-clang, r-devel-linux-x86_64-debian-gcc

These binaries (installable software) and packages are in development.
They may not be fully stable and should be used with caution. We make no claims about them.