Last updated on 2025-10-23 21:51:24 CEST.
Flavor | Version | Tinstall | Tcheck | Ttotal | Status | Flags |
---|---|---|---|---|---|---|
r-devel-linux-x86_64-debian-clang | 1.1.0 | 56.74 | 406.15 | 462.89 | OK | |
r-devel-linux-x86_64-debian-gcc | 1.1.0 | 36.86 | 261.05 | 297.91 | NOTE | |
r-devel-linux-x86_64-fedora-clang | 1.1.0 | 303.00 | 443.94 | 746.94 | NOTE | |
r-devel-linux-x86_64-fedora-gcc | 1.1.0 | 244.00 | 472.90 | 716.90 | NOTE | |
r-devel-windows-x86_64 | 1.1.0 | 50.00 | 315.00 | 365.00 | OK | |
r-patched-linux-x86_64 | 1.1.0 | 50.95 | 383.95 | 434.90 | OK | |
r-release-linux-x86_64 | 1.1.0 | 49.16 | 384.31 | 433.47 | OK | |
r-release-macos-arm64 | 1.1.0 | 22.00 | 115.00 | 137.00 | OK | |
r-release-macos-x86_64 | 1.1.0 | 47.00 | 236.00 | 283.00 | OK | |
r-release-windows-x86_64 | 1.1.0 | 48.00 | 314.00 | 362.00 | OK | |
r-oldrel-macos-arm64 | 1.1.0 | 21.00 | 121.00 | 142.00 | OK | |
r-oldrel-macos-x86_64 | 1.1.0 | 48.00 | 295.00 | 343.00 | OK | |
r-oldrel-windows-x86_64 | 1.1.0 | 68.00 | 450.00 | 518.00 | OK |
Version: 1.1.0
Check: Rd files
Result: NOTE
checkRd: (-1) multipopulation_cv.Rd:87: height/width attributes should be in pixels
checkRd: (-1) multipopulation_cv.Rd:100: height/width attributes should be in pixels
checkRd: (-1) multipopulation_cv.Rd:114: height/width attributes should be in pixels
Flavors: r-devel-linux-x86_64-debian-gcc, r-devel-linux-x86_64-fedora-clang, r-devel-linux-x86_64-fedora-gcc
These binaries (installable software) and packages are in development.
They may not be fully stable and should be used with caution. We make no claims about them.