Last updated on 2024-07-27 15:50:14 CEST.
Flavor | Version | Tinstall | Tcheck | Ttotal | Status | Flags |
---|---|---|---|---|---|---|
r-devel-linux-x86_64-debian-clang | 1.0.3 | 55.78 | 472.48 | 528.26 | OK | |
r-devel-linux-x86_64-debian-gcc | 1.0.3 | OK | ||||
r-devel-linux-x86_64-fedora-clang | 1.0.3 | 636.46 | NOTE | |||
r-devel-linux-x86_64-fedora-gcc | 1.0.3 | 588.22 | NOTE | |||
r-devel-windows-x86_64 | 1.0.3 | 34.00 | 284.00 | 318.00 | OK | |
r-patched-linux-x86_64 | 1.0.3 | OK | ||||
r-release-linux-x86_64 | 1.0.3 | 33.63 | 438.87 | 472.50 | OK | |
r-release-macos-arm64 | 1.0.3 | 165.00 | OK | |||
r-release-macos-x86_64 | 1.0.3 | 443.00 | OK | |||
r-release-windows-x86_64 | 1.0.3 | 39.00 | 282.00 | 321.00 | OK | |
r-oldrel-macos-arm64 | 1.0.3 | 158.00 | OK | |||
r-oldrel-macos-x86_64 | 1.0.3 | 384.00 | OK | |||
r-oldrel-windows-x86_64 | 1.0.3 | 56.00 | 371.00 | 427.00 | OK |
Version: 1.0.3
Check: data for non-ASCII characters
Result: NOTE
Note: found 9 marked UTF-8 strings
Flavors: r-devel-linux-x86_64-fedora-clang, r-devel-linux-x86_64-fedora-gcc
These binaries (installable software) and packages are in development.
They may not be fully stable and should be used with caution. We make no claims about them.