CRAN Package Check Results for Package CytoProfile

Last updated on 2025-05-01 12:49:25 CEST.

Flavor Version Tinstall Tcheck Ttotal Status Flags
r-devel-linux-x86_64-debian-clang 0.2.0 21.10 211.05 232.15 NOTE
r-devel-linux-x86_64-debian-gcc 0.2.0 13.24 173.49 186.73 OK
r-devel-linux-x86_64-fedora-clang 0.2.0 365.17 OK
r-devel-linux-x86_64-fedora-gcc 0.2.0 385.62 OK
r-devel-windows-x86_64 0.2.0 19.00 194.00 213.00 OK
r-patched-linux-x86_64 0.2.0 17.54 204.21 221.75 OK
r-release-linux-x86_64 OK
r-release-macos-arm64 0.2.0 89.00 OK
r-release-macos-x86_64 0.2.0 173.00 OK
r-release-windows-x86_64 0.2.0 19.00 198.00 217.00 OK
r-oldrel-macos-arm64 0.2.0 119.00 OK
r-oldrel-macos-x86_64 0.2.0 230.00 OK
r-oldrel-windows-x86_64 0.2.0 24.00 229.00 253.00 OK

Check Details

Version: 0.2.0
Check: examples
Result: NOTE Examples with CPU (user + system) or elapsed time > 5s user system elapsed cyt_pca 3.827 0.203 5.219 Flavor: r-devel-linux-x86_64-debian-clang

Version: 0.2.0
Check: examples
Result: NA user system elapsed cyt_xgb 13.743 0.135 8.433 OK Flavor: r-devel-linux-x86_64-debian-gcc

These binaries (installable software) and packages are in development.
They may not be fully stable and should be used with caution. We make no claims about them.