CRAN Package Check Results for Package D3partitionR

Last updated on 2025-05-22 06:51:42 CEST.

Flavor Version Tinstall Tcheck Ttotal Status Flags
r-devel-linux-x86_64-debian-clang 0.5.0 3.08 29.52 32.60 OK
r-devel-linux-x86_64-debian-gcc 0.5.0 2.44 21.63 24.07 OK
r-devel-linux-x86_64-fedora-clang 0.5.0 50.64 NOTE
r-devel-linux-x86_64-fedora-gcc 0.5.0 46.19 NOTE
r-devel-windows-x86_64 0.5.0 7.00 65.00 72.00 OK
r-patched-linux-x86_64 0.5.0 2.97 25.73 28.70 OK
r-release-linux-x86_64 0.5.0 3.69 25.72 29.41 OK
r-release-macos-arm64 0.5.0 21.00 OK
r-release-macos-x86_64 0.5.0 31.00 OK
r-release-windows-x86_64 0.5.0 6.00 78.00 84.00 OK
r-oldrel-macos-arm64 0.5.0 20.00 NOTE
r-oldrel-macos-x86_64 0.5.0 27.00 NOTE
r-oldrel-windows-x86_64 0.5.0 7.00 55.00 62.00 NOTE

Check Details

Version: 0.5.0
Check: dependencies in R code
Result: NOTE Namespace in Imports field not imported from: ‘titanic’ All declared Imports should be used. Flavors: r-devel-linux-x86_64-fedora-clang, r-devel-linux-x86_64-fedora-gcc

Version: 0.5.0
Check: LazyData
Result: NOTE 'LazyData' is specified without a 'data' directory Flavors: r-oldrel-macos-arm64, r-oldrel-macos-x86_64, r-oldrel-windows-x86_64

These binaries (installable software) and packages are in development.
They may not be fully stable and should be used with caution. We make no claims about them.