Last updated on 2025-10-23 21:51:24 CEST.
Flavor | Version | Tinstall | Tcheck | Ttotal | Status | Flags |
---|---|---|---|---|---|---|
r-devel-linux-x86_64-debian-clang | 0.5.0 | 3.59 | 31.23 | 34.82 | NOTE | |
r-devel-linux-x86_64-debian-gcc | 0.5.0 | 2.29 | 23.38 | 25.67 | OK | |
r-devel-linux-x86_64-fedora-clang | 0.5.0 | 10.00 | 38.39 | 48.39 | NOTE | |
r-devel-linux-x86_64-fedora-gcc | 0.5.0 | 44.72 | NOTE | |||
r-devel-windows-x86_64 | 0.5.0 | 6.00 | 48.00 | 54.00 | OK | |
r-patched-linux-x86_64 | 0.5.0 | 3.47 | 27.32 | 30.79 | OK | |
r-release-linux-x86_64 | 0.5.0 | 2.59 | 27.46 | 30.05 | OK | |
r-release-macos-arm64 | 0.5.0 | 2.00 | 19.00 | 21.00 | OK | |
r-release-macos-x86_64 | 0.5.0 | 3.00 | 28.00 | 31.00 | OK | |
r-release-windows-x86_64 | 0.5.0 | 6.00 | 57.00 | 63.00 | OK | |
r-oldrel-macos-arm64 | 0.5.0 | 2.00 | 18.00 | 20.00 | NOTE | |
r-oldrel-macos-x86_64 | 0.5.0 | 3.00 | 24.00 | 27.00 | NOTE | |
r-oldrel-windows-x86_64 | 0.5.0 | 8.00 | 56.00 | 64.00 | NOTE |
Version: 0.5.0
Check: HTML version of manual
Result: NOTE
Found the following HTML validation problems:
D3partitionR-shiny.html:68:1 (D3partitionR-shiny.Rd:25): Warning: missing </ul> before </div>
compute_unique_leaf_name.html:46:1 (compute_unique_leaf_name.Rd:10): Warning: missing </ul> before </div>
find_min_max_tree.html:50:1 (find_min_max_tree.Rd:12): Warning: missing </ul> before </div>
get_all_nodes_names.html:50:1 (get_all_nodes_names.Rd:12): Warning: missing </ul> before </div>
tooltip_builder.html:46:1 (tooltip_builder.Rd:10): Warning: missing </ul> before </div>
Flavor: r-devel-linux-x86_64-debian-clang
Version: 0.5.0
Check: dependencies in R code
Result: NOTE
Namespace in Imports field not imported from: ‘titanic’
All declared Imports should be used.
Flavors: r-devel-linux-x86_64-fedora-clang, r-devel-linux-x86_64-fedora-gcc
Version: 0.5.0
Check: LazyData
Result: NOTE
'LazyData' is specified without a 'data' directory
Flavors: r-oldrel-macos-arm64, r-oldrel-macos-x86_64, r-oldrel-windows-x86_64
These binaries (installable software) and packages are in development.
They may not be fully stable and should be used with caution. We make no claims about them.