Last updated on 2024-07-27 15:50:14 CEST.
Flavor | Version | Tinstall | Tcheck | Ttotal | Status | Flags |
---|---|---|---|---|---|---|
r-devel-linux-x86_64-debian-clang | 2.1.14 | 5.78 | 73.86 | 79.64 | NOTE | |
r-devel-linux-x86_64-debian-gcc | 2.1.14 | NOTE | ||||
r-devel-linux-x86_64-fedora-clang | 2.1.14 | 100.95 | NOTE | |||
r-devel-linux-x86_64-fedora-gcc | 2.1.14 | 126.03 | NOTE | |||
r-devel-windows-x86_64 | 2.1.14 | 7.00 | 115.00 | 122.00 | NOTE | |
r-patched-linux-x86_64 | 2.1.14 | NOTE | ||||
r-release-linux-x86_64 | 2.1.14 | 5.30 | 70.56 | 75.86 | NOTE | |
r-release-macos-arm64 | 2.1.14 | 53.00 | NOTE | |||
r-release-macos-x86_64 | 2.1.14 | 70.00 | NOTE | |||
r-release-windows-x86_64 | 2.1.14 | 6.00 | 114.00 | 120.00 | NOTE | |
r-oldrel-macos-arm64 | 2.1.14 | 49.00 | OK | |||
r-oldrel-macos-x86_64 | 2.1.14 | 90.00 | OK | |||
r-oldrel-windows-x86_64 | 2.1.14 | 8.00 | 107.00 | 115.00 | OK |
Version: 2.1.14
Check: Rd files
Result: NOTE
checkRd: (-1) D4TAlinkTask.Rd:13: Lost braces in \itemize; meant \describe ?
checkRd: (-1) D4TAlinkTask.Rd:14: Lost braces in \itemize; meant \describe ?
checkRd: (-1) D4TAlinkTask.Rd:15: Lost braces in \itemize; meant \describe ?
checkRd: (-1) D4TAlinkTask.Rd:16: Lost braces in \itemize; meant \describe ?
checkRd: (-1) D4TAlinkTask.Rd:17: Lost braces in \itemize; meant \describe ?
checkRd: (-1) D4TAlinkTask.Rd:18: Lost braces in \itemize; meant \describe ?
checkRd: (-1) D4TAlinkTask.Rd:19-20: Lost braces in \itemize; meant \describe ?
checkRd: (-1) D4TAlinkTask.Rd:21-22: Lost braces in \itemize; meant \describe ?
checkRd: (-1) D4TAlinkTask.Rd:23-24: Lost braces in \itemize; meant \describe ?
checkRd: (-1) D4TAlinkTask.Rd:25-26: Lost braces in \itemize; meant \describe ?
Flavors: r-devel-linux-x86_64-debian-clang, r-devel-linux-x86_64-debian-gcc, r-devel-linux-x86_64-fedora-clang, r-devel-linux-x86_64-fedora-gcc, r-devel-windows-x86_64, r-patched-linux-x86_64, r-release-linux-x86_64, r-release-macos-arm64, r-release-macos-x86_64, r-release-windows-x86_64
Version: 2.1.14
Check: HTML version of manual
Result: NOTE
Found the following HTML validation problems:
saveReportTable.html:80:1 (saveReportTable.Rd:36): Warning: trimming empty <dt>
Flavors: r-devel-linux-x86_64-debian-clang, r-devel-linux-x86_64-debian-gcc, r-devel-linux-x86_64-fedora-clang, r-devel-linux-x86_64-fedora-gcc, r-devel-windows-x86_64, r-patched-linux-x86_64, r-release-linux-x86_64, r-release-windows-x86_64
These binaries (installable software) and packages are in development.
They may not be fully stable and should be used with caution. We make no claims about them.