Last updated on 2025-02-02 14:48:20 CET.
Flavor | Version | Tinstall | Tcheck | Ttotal | Status | Flags |
---|---|---|---|---|---|---|
r-devel-linux-x86_64-debian-clang | 1.2.0 | 17.58 | 140.46 | 158.04 | OK | |
r-devel-linux-x86_64-debian-gcc | 1.2.0 | 11.55 | 103.42 | 114.97 | OK | |
r-devel-linux-x86_64-fedora-clang | 1.2.0 | 258.75 | OK | |||
r-devel-linux-x86_64-fedora-gcc | 1.2.0 | 252.62 | OK | |||
r-devel-windows-x86_64 | 1.2.0 | 19.00 | 133.00 | 152.00 | OK | |
r-patched-linux-x86_64 | 1.2.0 | 16.31 | 130.21 | 146.52 | OK | |
r-release-linux-x86_64 | 1.2.0 | 15.20 | 132.97 | 148.17 | OK | |
r-release-macos-arm64 | 1.2.0 | 73.00 | NOTE | |||
r-release-macos-x86_64 | 1.2.0 | 106.00 | NOTE | |||
r-release-windows-x86_64 | 1.2.0 | 16.00 | 138.00 | 154.00 | NOTE | |
r-oldrel-macos-arm64 | 1.2.0 | 84.00 | NOTE | |||
r-oldrel-macos-x86_64 | 1.2.0 | 137.00 | NOTE | |||
r-oldrel-windows-x86_64 | 1.2.0 | 23.00 | 181.00 | 204.00 | NOTE |
Version: 1.2.0
Check: installed package size
Result: NOTE
installed size is 5.1Mb
sub-directories of 1Mb or more:
doc 4.4Mb
Flavors: r-release-macos-arm64, r-release-macos-x86_64, r-release-windows-x86_64, r-oldrel-macos-arm64, r-oldrel-macos-x86_64, r-oldrel-windows-x86_64
These binaries (installable software) and packages are in development.
They may not be fully stable and should be used with caution. We make no claims about them.