CRAN Package Check Results for Package DAAGbio

Last updated on 2025-05-23 11:55:51 CEST.

Flavor Version Tinstall Tcheck Ttotal Status Flags
r-devel-linux-x86_64-debian-clang 0.63-4 3.30 40.68 43.98 NOTE
r-devel-linux-x86_64-debian-gcc 0.63-4 2.42 30.85 33.27 NOTE
r-devel-linux-x86_64-fedora-clang 0.63-4 75.80 OK
r-devel-linux-x86_64-fedora-gcc 0.63-4 83.63 OK
r-devel-windows-x86_64 0.63-4 4.00 98.00 102.00 OK
r-patched-linux-x86_64 0.63-4 3.64 39.45 43.09 OK
r-release-linux-x86_64 0.63-4 3.00 39.18 42.18 OK
r-release-macos-arm64 0.63-4 38.00 OK
r-release-macos-x86_64 0.63-4 57.00 OK
r-release-windows-x86_64 0.63-4 6.00 70.00 76.00 OK
r-oldrel-macos-arm64 0.63-4 28.00 OK
r-oldrel-macos-x86_64 0.63-4 102.00 OK
r-oldrel-windows-x86_64 0.63-4 5.00 75.00 80.00 OK

Check Details

Version: 0.63-4
Check: CRAN incoming feasibility
Result: NOTE Maintainer: ‘John Maindonald <jhmaindonald@gmail.com>’ No Authors@R field in DESCRIPTION. Please add one, modifying Authors@R: person(given = "John", family = "Maindonald", role = c("aut", "cre"), email = "jhmaindonald@gmail.com") as necessary. Flavors: r-devel-linux-x86_64-debian-clang, r-devel-linux-x86_64-debian-gcc

These binaries (installable software) and packages are in development.
They may not be fully stable and should be used with caution. We make no claims about them.