Last updated on 2025-10-24 09:49:59 CEST.
| Flavor | Version | Tinstall | Tcheck | Ttotal | Status | Flags |
|---|---|---|---|---|---|---|
| r-devel-linux-x86_64-debian-clang | 0.63-4 | 3.01 | 43.08 | 46.09 | NOTE | |
| r-devel-linux-x86_64-debian-gcc | 0.63-4 | 2.57 | 32.90 | 35.47 | NOTE | |
| r-devel-linux-x86_64-fedora-clang | 0.63-4 | 12.00 | 64.72 | 76.72 | OK | |
| r-devel-linux-x86_64-fedora-gcc | 0.63-4 | 19.00 | 71.61 | 90.61 | OK | |
| r-devel-windows-x86_64 | 0.63-4 | 5.00 | 66.00 | 71.00 | OK | |
| r-patched-linux-x86_64 | 0.63-4 | 3.31 | 41.86 | 45.17 | OK | |
| r-release-linux-x86_64 | 0.63-4 | 2.75 | 41.51 | 44.26 | OK | |
| r-release-macos-arm64 | 0.63-4 | 2.00 | 36.00 | 38.00 | OK | |
| r-release-macos-x86_64 | 0.63-4 | 3.00 | 54.00 | 57.00 | OK | |
| r-release-windows-x86_64 | 0.63-4 | 5.00 | 69.00 | 74.00 | OK | |
| r-oldrel-macos-arm64 | 0.63-4 | 2.00 | 26.00 | 28.00 | OK | |
| r-oldrel-macos-x86_64 | 0.63-4 | 3.00 | 99.00 | 102.00 | OK | |
| r-oldrel-windows-x86_64 | 0.63-4 | 5.00 | 75.00 | 80.00 | OK |
Version: 0.63-4
Check: CRAN incoming feasibility
Result: NOTE
Maintainer: ‘John Maindonald <jhmaindonald@gmail.com>’
No Authors@R field in DESCRIPTION.
Please add one, modifying
Authors@R: person(given = "John",
family = "Maindonald",
role = c("aut", "cre"),
email = "jhmaindonald@gmail.com")
as necessary.
Flavors: r-devel-linux-x86_64-debian-clang, r-devel-linux-x86_64-debian-gcc
These binaries (installable software) and packages are in development.
They may not be fully stable and should be used with caution. We make no claims about them.