CRAN Package Check Results for Package DAAGbio

Last updated on 2025-07-26 01:50:47 CEST.

Flavor Version Tinstall Tcheck Ttotal Status Flags
r-devel-linux-x86_64-debian-clang 0.63-4 3.17 41.50 44.67 NOTE
r-devel-linux-x86_64-debian-gcc 0.63-4 2.39 32.56 34.95 NOTE
r-devel-linux-x86_64-fedora-clang 0.63-4 73.17 OK
r-devel-linux-x86_64-fedora-gcc 0.63-4 81.43 OK
r-devel-windows-x86_64 0.63-4 5.00 70.00 75.00 OK
r-patched-linux-x86_64 0.63-4 3.31 39.76 43.07 OK
r-release-linux-x86_64 0.63-4 3.14 39.28 42.42 OK
r-release-macos-arm64 0.63-4 38.00 OK
r-release-macos-x86_64 0.63-4 57.00 OK
r-release-windows-x86_64 0.63-4 5.00 70.00 75.00 OK
r-oldrel-macos-arm64 0.63-4 28.00 OK
r-oldrel-macos-x86_64 0.63-4 102.00 OK
r-oldrel-windows-x86_64 0.63-4 5.00 82.00 87.00 OK

Check Details

Version: 0.63-4
Check: CRAN incoming feasibility
Result: NOTE Maintainer: ‘John Maindonald <jhmaindonald@gmail.com>’ No Authors@R field in DESCRIPTION. Please add one, modifying Authors@R: person(given = "John", family = "Maindonald", role = c("aut", "cre"), email = "jhmaindonald@gmail.com") as necessary. Flavors: r-devel-linux-x86_64-debian-clang, r-devel-linux-x86_64-debian-gcc

These binaries (installable software) and packages are in development.
They may not be fully stable and should be used with caution. We make no claims about them.