CRAN Package Check Results for Package DACF

Last updated on 2025-02-19 18:51:00 CET.

Flavor Version Tinstall Tcheck Ttotal Status Flags
r-devel-linux-x86_64-debian-clang 1.0.0 1.87 21.87 23.74 OK
r-devel-linux-x86_64-debian-gcc 1.0.0 1.40 18.01 19.41 OK
r-devel-linux-x86_64-fedora-clang 1.0.0 38.88 OK
r-devel-linux-x86_64-fedora-gcc 1.0.0 50.30 OK
r-devel-macos-arm64 1.0.0 22.00 OK
r-devel-macos-x86_64 1.0.0 39.00 OK
r-devel-windows-x86_64 1.0.0 3.00 46.00 49.00 OK
r-patched-linux-x86_64 1.0.0 1.69 20.81 22.50 NOTE
r-release-linux-x86_64 1.0.0 1.82 20.73 22.55 NOTE
r-release-macos-arm64 1.0.0 21.00 NOTE
r-release-macos-x86_64 1.0.0 32.00 NOTE
r-release-windows-x86_64 1.0.0 4.00 44.00 48.00 NOTE
r-oldrel-macos-arm64 1.0.0 22.00 NOTE
r-oldrel-macos-x86_64 1.0.0 32.00 NOTE
r-oldrel-windows-x86_64 1.0.0 3.00 45.00 48.00 NOTE

Check Details

Version: 1.0.0
Check: LazyData
Result: NOTE 'LazyData' is specified without a 'data' directory Flavors: r-patched-linux-x86_64, r-release-linux-x86_64, r-release-macos-arm64, r-release-macos-x86_64, r-release-windows-x86_64, r-oldrel-macos-arm64, r-oldrel-macos-x86_64, r-oldrel-windows-x86_64

These binaries (installable software) and packages are in development.
They may not be fully stable and should be used with caution. We make no claims about them.