Last updated on 2025-05-03 22:49:50 CEST.
Flavor | Version | Tinstall | Tcheck | Ttotal | Status | Flags |
---|---|---|---|---|---|---|
r-devel-linux-x86_64-debian-clang | 2.3 | 5.01 | 100.65 | 105.66 | NOTE | |
r-devel-linux-x86_64-debian-gcc | 2.3 | 3.58 | 59.05 | 62.63 | NOTE | |
r-devel-linux-x86_64-fedora-clang | 2.3 | 165.24 | OK | |||
r-devel-linux-x86_64-fedora-gcc | 2.3 | 157.86 | OK | |||
r-devel-windows-x86_64 | 2.3 | 6.00 | 101.00 | 107.00 | OK | |
r-patched-linux-x86_64 | 2.3 | 4.54 | 94.64 | 99.18 | OK | |
r-release-linux-x86_64 | OK | |||||
r-release-macos-arm64 | 2.3 | 41.00 | OK | |||
r-release-macos-x86_64 | 2.3 | 98.00 | OK | |||
r-release-windows-x86_64 | 2.3 | 6.00 | 101.00 | 107.00 | OK | |
r-oldrel-macos-arm64 | 2.3 | 40.00 | OK | |||
r-oldrel-macos-x86_64 | 2.3 | 71.00 | OK | |||
r-oldrel-windows-x86_64 | 2.3 | 9.00 | 134.00 | 143.00 | OK |
Version: 2.3
Check: CRAN incoming feasibility
Result: NOTE
Maintainer: ‘Rampal S. Etienne <r.s.etienne@rug.nl>’
No Authors@R field in DESCRIPTION.
Please add one, modifying
Authors@R: c(person(given = c("Rampal", "S.", "Etienne", "&", "Alex", "L."),
family = "Pigot",
role = "aut"),
person(given = c("Rampal", "S."),
family = "Etienne",
role = "cre",
email = "r.s.etienne@rug.nl"))
as necessary.
Flavors: r-devel-linux-x86_64-debian-clang, r-devel-linux-x86_64-debian-gcc
These binaries (installable software) and packages are in development.
They may not be fully stable and should be used with caution. We make no claims about them.