Last updated on 2025-07-04 05:49:19 CEST.
Flavor | Version | Tinstall | Tcheck | Ttotal | Status | Flags |
---|---|---|---|---|---|---|
r-devel-linux-x86_64-debian-clang | 0.0.3 | 12.15 | 94.23 | 106.38 | NOTE | |
r-devel-linux-x86_64-debian-gcc | 0.0.3 | 7.90 | 67.14 | 75.04 | NOTE | |
r-devel-linux-x86_64-fedora-clang | 0.0.3 | 169.17 | OK | |||
r-devel-linux-x86_64-fedora-gcc | 0.0.3 | 156.57 | OK | |||
r-devel-windows-x86_64 | 0.0.3 | 12.00 | 111.00 | 123.00 | OK | |
r-patched-linux-x86_64 | 0.0.3 | 10.98 | 87.69 | 98.67 | OK | |
r-release-linux-x86_64 | 0.0.3 | 10.09 | 86.08 | 96.17 | OK | |
r-release-macos-arm64 | 0.0.3 | 45.00 | OK | |||
r-release-macos-x86_64 | 0.0.3 | 81.00 | OK | |||
r-release-windows-x86_64 | 0.0.3 | 12.00 | 97.00 | 109.00 | OK | |
r-oldrel-macos-arm64 | 0.0.3 | 42.00 | OK | |||
r-oldrel-macos-x86_64 | 0.0.3 | 63.00 | OK | |||
r-oldrel-windows-x86_64 | 0.0.3 | 17.00 | 120.00 | 137.00 | OK |
Version: 0.0.3
Check: CRAN incoming feasibility
Result: NOTE
Maintainer: ‘Gabriel Budel <gabysp_budel@hotmail.com>’
No Authors@R field in DESCRIPTION.
Please add one, modifying
Authors@R: c(person(given = "Gabriel",
family = "Budel",
role = c("aut", "cre"),
email = "gabysp_budel@hotmail.com"),
person(given = "Flavius",
family = "Frasincar",
role = "aut"))
as necessary.
Flavors: r-devel-linux-x86_64-debian-clang, r-devel-linux-x86_64-debian-gcc
These binaries (installable software) and packages are in development.
They may not be fully stable and should be used with caution. We make no claims about them.