Last updated on 2025-05-01 14:49:07 CEST.
Flavor | Version | Tinstall | Tcheck | Ttotal | Status | Flags |
---|---|---|---|---|---|---|
r-devel-linux-x86_64-debian-clang | 0.0.3 | 10.80 | 90.98 | 101.78 | NOTE | |
r-devel-linux-x86_64-debian-gcc | 0.0.3 | 6.91 | 66.69 | 73.60 | NOTE | |
r-devel-linux-x86_64-fedora-clang | 0.0.3 | 146.19 | OK | |||
r-devel-linux-x86_64-fedora-gcc | 0.0.3 | 138.94 | OK | |||
r-devel-windows-x86_64 | 0.0.3 | 12.00 | 96.00 | 108.00 | OK | |
r-patched-linux-x86_64 | 0.0.3 | 9.29 | 84.26 | 93.55 | OK | |
r-release-linux-x86_64 | OK | |||||
r-release-macos-arm64 | 0.0.3 | 45.00 | OK | |||
r-release-macos-x86_64 | 0.0.3 | 81.00 | OK | |||
r-release-windows-x86_64 | 0.0.3 | 12.00 | 98.00 | 110.00 | OK | |
r-oldrel-macos-arm64 | 0.0.3 | 42.00 | OK | |||
r-oldrel-macos-x86_64 | 0.0.3 | 63.00 | OK | |||
r-oldrel-windows-x86_64 | 0.0.3 | 14.00 | 118.00 | 132.00 | OK |
Version: 0.0.3
Check: CRAN incoming feasibility
Result: NOTE
Maintainer: ‘Gabriel Budel <gabysp_budel@hotmail.com>’
No Authors@R field in DESCRIPTION.
Please add one, modifying
Authors@R: c(person(given = "Gabriel",
family = "Budel",
role = c("aut", "cre"),
email = "gabysp_budel@hotmail.com"),
person(given = "Flavius",
family = "Frasincar",
role = "aut"))
as necessary.
Flavors: r-devel-linux-x86_64-debian-clang, r-devel-linux-x86_64-debian-gcc
These binaries (installable software) and packages are in development.
They may not be fully stable and should be used with caution. We make no claims about them.