Last updated on 2024-07-27 15:50:15 CEST.
Flavor | Version | Tinstall | Tcheck | Ttotal | Status | Flags |
---|---|---|---|---|---|---|
r-devel-linux-x86_64-debian-clang | 1.2.3 | 8.76 | 104.04 | 112.80 | OK | |
r-devel-linux-x86_64-debian-gcc | 1.2.3 | OK | ||||
r-devel-linux-x86_64-fedora-clang | 1.2.3 | 144.34 | NOTE | |||
r-devel-linux-x86_64-fedora-gcc | 1.2.3 | 148.24 | OK | |||
r-devel-windows-x86_64 | 1.2.3 | 9.00 | 120.00 | 129.00 | OK | |
r-patched-linux-x86_64 | 1.2.3 | OK | ||||
r-release-linux-x86_64 | 1.2.3 | 7.26 | 99.67 | 106.93 | OK | |
r-release-macos-arm64 | 1.2.3 | 106.00 | OK | |||
r-release-macos-x86_64 | 1.2.3 | 146.00 | OK | |||
r-release-windows-x86_64 | 1.2.3 | 8.00 | 117.00 | 125.00 | OK | |
r-oldrel-macos-arm64 | 1.2.3 | 108.00 | OK | |||
r-oldrel-macos-x86_64 | 1.2.3 | 186.00 | OK | |||
r-oldrel-windows-x86_64 | 1.2.3 | 11.00 | 134.00 | 145.00 | OK |
Version: 1.2.3
Check: Rd cross-references
Result: NOTE
Undeclared package ‘withr’ in Rd xrefs
Flavor: r-devel-linux-x86_64-fedora-clang
These binaries (installable software) and packages are in development.
They may not be fully stable and should be used with caution. We make no claims about them.