Last updated on 2025-02-16 10:50:44 CET.
Flavor | Version | Tinstall | Tcheck | Ttotal | Status | Flags |
---|---|---|---|---|---|---|
r-devel-linux-x86_64-debian-clang | 0.1.2 | 44.53 | 348.36 | 392.89 | OK | |
r-devel-linux-x86_64-debian-gcc | 0.1.2 | 33.25 | 250.24 | 283.49 | OK | |
r-devel-linux-x86_64-fedora-clang | 0.1.2 | 678.39 | NOTE | |||
r-devel-linux-x86_64-fedora-gcc | 0.1.2 | 611.71 | NOTE | |||
r-devel-macos-arm64 | 0.1.2 | 148.00 | OK | |||
r-devel-macos-x86_64 | 0.1.2 | 294.00 | OK | |||
r-devel-windows-x86_64 | 0.1.2 | 45.00 | 281.00 | 326.00 | OK | |
r-patched-linux-x86_64 | 0.1.2 | 43.17 | 316.71 | 359.88 | OK | |
r-release-linux-x86_64 | 0.1.2 | 38.76 | 310.33 | 349.09 | OK | |
r-release-macos-arm64 | 0.1.2 | 160.00 | OK | |||
r-release-macos-x86_64 | 0.1.2 | 269.00 | OK | |||
r-release-windows-x86_64 | 0.1.2 | 45.00 | 281.00 | 326.00 | OK | |
r-oldrel-macos-arm64 | 0.1.2 | 10.00 | ERROR | |||
r-oldrel-macos-x86_64 | 0.1.2 | 11.00 | ERROR | |||
r-oldrel-windows-x86_64 | 0.1.2 | 59.00 | 357.00 | 416.00 | OK |
Version: 0.1.2
Check: dependencies in R code
Result: NOTE
Namespace in Imports field not imported from: ‘ggplot2’
All declared Imports should be used.
Flavors: r-devel-linux-x86_64-fedora-clang, r-devel-linux-x86_64-fedora-gcc
Version: 0.1.2
Check: package dependencies
Result: ERROR
Package required but not available: ‘DBTC’
See section ‘The DESCRIPTION file’ in the ‘Writing R Extensions’
manual.
Flavors: r-oldrel-macos-arm64, r-oldrel-macos-x86_64
These binaries (installable software) and packages are in development.
They may not be fully stable and should be used with caution. We make no claims about them.