CRAN Package Check Results for Package DBTCShiny

Last updated on 2025-10-03 03:50:35 CEST.

Flavor Version Tinstall Tcheck Ttotal Status Flags
r-devel-linux-x86_64-debian-clang 0.1.2 47.38 357.32 404.70 OK
r-devel-linux-x86_64-debian-gcc 0.1.2 36.61 262.20 298.81 OK
r-devel-linux-x86_64-fedora-clang 0.1.2 701.30 NOTE
r-devel-linux-x86_64-fedora-gcc 0.1.2 649.21 NOTE
r-devel-windows-x86_64 0.1.2 52.00 298.00 350.00 OK
r-patched-linux-x86_64 0.1.2 48.28 342.40 390.68 OK
r-release-linux-x86_64 0.1.2 44.91 345.19 390.10 OK
r-release-macos-arm64 0.1.2 147.00 OK
r-release-macos-x86_64 0.1.2 294.00 OK
r-release-windows-x86_64 0.1.2 49.00 296.00 345.00 OK
r-oldrel-macos-arm64 0.1.2 160.00 OK
r-oldrel-macos-x86_64 0.1.2 269.00 OK
r-oldrel-windows-x86_64 0.1.2 66.00 398.00 464.00 OK

Check Details

Version: 0.1.2
Check: dependencies in R code
Result: NOTE Namespace in Imports field not imported from: ‘ggplot2’ All declared Imports should be used. Flavors: r-devel-linux-x86_64-fedora-clang, r-devel-linux-x86_64-fedora-gcc

These binaries (installable software) and packages are in development.
They may not be fully stable and should be used with caution. We make no claims about them.