CRAN Package Check Results for Package DBfit

Last updated on 2025-07-26 01:50:47 CEST.

Flavor Version Tinstall Tcheck Ttotal Status Flags
r-devel-linux-x86_64-debian-clang 2.0 2.50 25.95 28.45 NOTE
r-devel-linux-x86_64-debian-gcc 2.0 2.13 20.56 22.69 NOTE
r-devel-linux-x86_64-fedora-clang 2.0 43.94 OK
r-devel-linux-x86_64-fedora-gcc 2.0 43.23 OK
r-devel-windows-x86_64 2.0 3.00 56.00 59.00 OK
r-patched-linux-x86_64 2.0 2.99 24.33 27.32 OK
r-release-linux-x86_64 2.0 2.65 24.62 27.27 OK
r-release-macos-arm64 2.0 17.00 OK
r-release-macos-x86_64 2.0 45.00 OK
r-release-windows-x86_64 2.0 5.00 64.00 69.00 OK
r-oldrel-macos-arm64 2.0 16.00 OK
r-oldrel-macos-x86_64 2.0 25.00 OK
r-oldrel-windows-x86_64 2.0 3.00 53.00 56.00 OK

Check Details

Version: 2.0
Check: CRAN incoming feasibility
Result: NOTE Maintainer: ‘Shaofeng Zhang <shaofeng.zhang@wmich.edu>’ No Authors@R field in DESCRIPTION. Please add one, modifying Authors@R: c(person(given = c("Joseph", "W."), family = "McKean", role = "aut"), person(given = "Shaofeng", family = "Zhang", role = c("aut", "cre"), email = "shaofeng.zhang@wmich.edu")) as necessary. Flavors: r-devel-linux-x86_64-debian-clang, r-devel-linux-x86_64-debian-gcc

These binaries (installable software) and packages are in development.
They may not be fully stable and should be used with caution. We make no claims about them.