Last updated on 2025-10-23 23:49:26 CEST.
| Flavor | Version | Tinstall | Tcheck | Ttotal | Status | Flags |
|---|---|---|---|---|---|---|
| r-devel-linux-x86_64-debian-clang | 0.1.1 | 4.57 | 23.83 | 28.40 | NOTE | |
| r-devel-linux-x86_64-debian-gcc | 0.1.1 | 4.35 | 18.80 | 23.15 | NOTE | |
| r-devel-linux-x86_64-fedora-clang | 0.1.1 | 41.10 | OK | |||
| r-devel-linux-x86_64-fedora-gcc | 0.1.1 | 15.00 | 27.27 | 42.27 | OK | |
| r-devel-windows-x86_64 | 0.1.1 | 8.00 | 49.00 | 57.00 | OK | |
| r-patched-linux-x86_64 | 0.1.1 | 6.22 | 22.43 | 28.65 | OK | |
| r-release-linux-x86_64 | 0.1.1 | 5.86 | 22.15 | 28.01 | OK | |
| r-release-macos-arm64 | 0.1.1 | 6.00 | 15.00 | 21.00 | OK | |
| r-release-macos-x86_64 | 0.1.1 | 9.00 | 24.00 | 33.00 | OK | |
| r-release-windows-x86_64 | 0.1.1 | 9.00 | 50.00 | 59.00 | OK | |
| r-oldrel-macos-arm64 | 0.1.1 | 4.00 | 16.00 | 20.00 | NOTE | |
| r-oldrel-macos-x86_64 | 0.1.1 | 6.00 | 20.00 | 26.00 | NOTE | |
| r-oldrel-windows-x86_64 | 0.1.1 | 10.00 | 57.00 | 67.00 | NOTE |
Version: 0.1.1
Check: CRAN incoming feasibility
Result: NOTE
Maintainer: ‘Taiane Schaedler Prass <taianeprass@gmail.com>’
The Description field contains
<arXiv:1910.10589>.
Please refer to arXiv e-prints via their arXiv DOI <doi:10.48550/arXiv.YYMM.NNNNN>.
Flavors: r-devel-linux-x86_64-debian-clang, r-devel-linux-x86_64-debian-gcc
Version: 0.1.1
Check: LazyData
Result: NOTE
'LazyData' is specified without a 'data' directory
Flavors: r-oldrel-macos-arm64, r-oldrel-macos-x86_64, r-oldrel-windows-x86_64
These binaries (installable software) and packages are in development.
They may not be fully stable and should be used with caution. We make no claims about them.