Last updated on 2025-05-03 22:49:50 CEST.
Flavor | Version | Tinstall | Tcheck | Ttotal | Status | Flags |
---|---|---|---|---|---|---|
r-devel-linux-x86_64-debian-clang | 2.0.5 | 10.28 | 35.26 | 45.54 | NOTE | |
r-devel-linux-x86_64-debian-gcc | 2.0.5 | 8.27 | 27.81 | 36.08 | NOTE | |
r-devel-linux-x86_64-fedora-clang | 2.0.5 | 77.79 | NOTE | |||
r-devel-linux-x86_64-fedora-gcc | 2.0.5 | 90.16 | NOTE | |||
r-devel-windows-x86_64 | 2.0.5 | 14.00 | 81.00 | 95.00 | NOTE | |
r-patched-linux-x86_64 | 2.0.5 | 10.03 | 33.46 | 43.49 | NOTE | |
r-release-linux-x86_64 | NOTE | |||||
r-release-macos-arm64 | 2.0.5 | 34.00 | NOTE | |||
r-release-macos-x86_64 | 2.0.5 | 59.00 | NOTE | |||
r-release-windows-x86_64 | 2.0.5 | 14.00 | 79.00 | 93.00 | NOTE | |
r-oldrel-macos-arm64 | 2.0.5 | 32.00 | NOTE | |||
r-oldrel-macos-x86_64 | 2.0.5 | 50.00 | NOTE | |||
r-oldrel-windows-x86_64 | 2.0.5 | 16.00 | 93.00 | 109.00 | NOTE |
Version: 2.0.5
Check: CRAN incoming feasibility
Result: NOTE
Maintainer: ‘Sharma Parichit <parishar@iu.edu>’
Package CITATION file contains call(s) to old-style personList() or
as.personList(). Please use c() on person objects instead.
Package CITATION file contains call(s) to old-style citEntry(). Please
use bibentry() instead.
Flavors: r-devel-linux-x86_64-debian-clang, r-devel-linux-x86_64-debian-gcc
Version: 2.0.5
Check: package subdirectories
Result: NOTE
Problems with news in ‘NEWS.md’:
No news entries found.
Flavors: r-devel-linux-x86_64-debian-clang, r-devel-linux-x86_64-debian-gcc, r-devel-linux-x86_64-fedora-clang, r-devel-linux-x86_64-fedora-gcc, r-devel-windows-x86_64, r-patched-linux-x86_64, r-release-linux-x86_64, r-release-macos-arm64, r-release-macos-x86_64, r-release-windows-x86_64, r-oldrel-macos-arm64, r-oldrel-macos-x86_64, r-oldrel-windows-x86_64
These binaries (installable software) and packages are in development.
They may not be fully stable and should be used with caution. We make no claims about them.