Last updated on 2025-02-16 12:53:32 CET.
Flavor | Version | Tinstall | Tcheck | Ttotal | Status | Flags |
---|---|---|---|---|---|---|
r-devel-linux-x86_64-debian-clang | 2.0.5 | 11.20 | 34.02 | 45.22 | NOTE | |
r-devel-linux-x86_64-debian-gcc | 2.0.5 | 7.75 | 26.16 | 33.91 | NOTE | |
r-devel-linux-x86_64-fedora-clang | 2.0.5 | 83.88 | NOTE | |||
r-devel-linux-x86_64-fedora-gcc | 2.0.5 | 88.89 | NOTE | |||
r-devel-macos-arm64 | 2.0.5 | 31.00 | NOTE | |||
r-devel-macos-x86_64 | 2.0.5 | 68.00 | NOTE | |||
r-devel-windows-x86_64 | 2.0.5 | 14.00 | 87.00 | 101.00 | NOTE | |
r-patched-linux-x86_64 | 2.0.5 | 11.05 | 32.29 | 43.34 | NOTE | |
r-release-linux-x86_64 | 2.0.5 | 10.96 | 32.40 | 43.36 | NOTE | |
r-release-macos-arm64 | 2.0.5 | 32.00 | NOTE | |||
r-release-macos-x86_64 | 2.0.5 | 50.00 | NOTE | |||
r-release-windows-x86_64 | 2.0.5 | 13.00 | 80.00 | 93.00 | NOTE | |
r-oldrel-macos-arm64 | 2.0.5 | 33.00 | NOTE | |||
r-oldrel-macos-x86_64 | 2.0.5 | 50.00 | NOTE | |||
r-oldrel-windows-x86_64 | 2.0.5 | 16.00 | 85.00 | 101.00 | NOTE |
Version: 2.0.5
Check: package subdirectories
Result: NOTE
Problems with news in ‘NEWS.md’:
No news entries found.
Flavors: r-devel-linux-x86_64-debian-clang, r-devel-linux-x86_64-debian-gcc, r-devel-linux-x86_64-fedora-clang, r-devel-linux-x86_64-fedora-gcc, r-devel-macos-arm64, r-devel-macos-x86_64, r-devel-windows-x86_64, r-patched-linux-x86_64, r-release-linux-x86_64, r-release-macos-arm64, r-release-macos-x86_64, r-release-windows-x86_64, r-oldrel-macos-arm64, r-oldrel-macos-x86_64, r-oldrel-windows-x86_64
These binaries (installable software) and packages are in development.
They may not be fully stable and should be used with caution. We make no claims about them.