CRAN Package Check Results for Package DCEM

Last updated on 2025-11-16 03:49:53 CET.

Flavor Version Tinstall Tcheck Ttotal Status Flags
r-devel-linux-x86_64-debian-clang 2.0.5 9.77 37.41 47.18 NOTE
r-devel-linux-x86_64-debian-gcc 2.0.5 7.37 29.78 37.15 NOTE
r-devel-linux-x86_64-fedora-clang 2.0.5 93.00 -6.23 86.77 NOTE
r-devel-linux-x86_64-fedora-gcc 2.0.5 30.00 58.05 88.05 NOTE
r-devel-windows-x86_64 2.0.5 21.00 79.00 100.00 NOTE
r-patched-linux-x86_64 2.0.5 11.50 35.40 46.90 NOTE
r-release-linux-x86_64 2.0.5 10.58 35.43 46.01 NOTE
r-release-macos-arm64 2.0.5 5.00 29.00 34.00 NOTE
r-release-macos-x86_64 2.0.5 9.00 50.00 59.00 NOTE
r-release-windows-x86_64 2.0.5 14.00 80.00 94.00 NOTE
r-oldrel-macos-arm64 2.0.5 6.00 26.00 32.00 NOTE
r-oldrel-macos-x86_64 2.0.5 8.00 42.00 50.00 NOTE
r-oldrel-windows-x86_64 2.0.5 16.00 89.00 105.00 NOTE

Check Details

Version: 2.0.5
Check: CRAN incoming feasibility
Result: NOTE Maintainer: ‘Sharma Parichit <parishar@iu.edu>’ Package CITATION file contains call(s) to old-style personList() or as.personList(). Please use c() on person objects instead. Package CITATION file contains call(s) to old-style citEntry(). Please use bibentry() instead. Flavors: r-devel-linux-x86_64-debian-clang, r-devel-linux-x86_64-debian-gcc

Version: 2.0.5
Check: package subdirectories
Result: NOTE Problems with news in ‘NEWS.md’: No news entries found. Flavors: r-devel-linux-x86_64-debian-clang, r-devel-linux-x86_64-debian-gcc, r-devel-linux-x86_64-fedora-clang, r-devel-linux-x86_64-fedora-gcc, r-devel-windows-x86_64, r-patched-linux-x86_64, r-release-linux-x86_64, r-release-macos-arm64, r-release-macos-x86_64, r-release-windows-x86_64, r-oldrel-macos-arm64, r-oldrel-macos-x86_64, r-oldrel-windows-x86_64

These binaries (installable software) and packages are in development.
They may not be fully stable and should be used with caution. We make no claims about them.