CRAN Package Check Results for Package DCEmgmt

Last updated on 2025-02-02 14:48:20 CET.

Flavor Version Tinstall Tcheck Ttotal Status Flags
r-devel-linux-x86_64-debian-clang 0.0.1 4.17 23.97 28.14 NOTE
r-devel-linux-x86_64-debian-gcc 0.0.1 2.97 18.60 21.57 NOTE
r-devel-linux-x86_64-fedora-clang 0.0.1 48.83 NOTE
r-devel-linux-x86_64-fedora-gcc 0.0.1 57.90 NOTE
r-devel-windows-x86_64 0.0.1 5.00 48.00 53.00 NOTE
r-patched-linux-x86_64 0.0.1 3.88 22.80 26.68 NOTE
r-release-linux-x86_64 0.0.1 3.81 22.34 26.15 NOTE
r-release-macos-arm64 0.0.1 24.00 NOTE
r-release-macos-x86_64 0.0.1 35.00 NOTE
r-release-windows-x86_64 0.0.1 7.00 47.00 54.00 NOTE
r-oldrel-macos-arm64 0.0.1 26.00 OK
r-oldrel-macos-x86_64 0.0.1 36.00 OK
r-oldrel-windows-x86_64 0.0.1 7.00 47.00 54.00 OK

Check Details

Version: 0.0.1
Check: Rd files
Result: NOTE checkRd: (-1) data.Rd:11: Lost braces 11 | \doi{10.1007/s40258-021-00647-3}{DOI} | ^ Flavors: r-devel-linux-x86_64-debian-clang, r-devel-linux-x86_64-debian-gcc, r-devel-linux-x86_64-fedora-clang, r-devel-linux-x86_64-fedora-gcc, r-devel-windows-x86_64, r-patched-linux-x86_64, r-release-linux-x86_64, r-release-macos-arm64, r-release-macos-x86_64, r-release-windows-x86_64

These binaries (installable software) and packages are in development.
They may not be fully stable and should be used with caution. We make no claims about them.