Last updated on 2025-02-16 10:50:44 CET.
Flavor | Version | Tinstall | Tcheck | Ttotal | Status | Flags |
---|---|---|---|---|---|---|
r-devel-linux-x86_64-debian-clang | 1.1.0 | 11.39 | 87.51 | 98.90 | OK | |
r-devel-linux-x86_64-debian-gcc | 1.1.0 | 8.15 | 62.37 | 70.52 | OK | |
r-devel-linux-x86_64-fedora-clang | 1.1.0 | 165.49 | NOTE | |||
r-devel-linux-x86_64-fedora-gcc | 1.1.0 | 159.26 | NOTE | |||
r-devel-macos-arm64 | 1.1.0 | 48.00 | OK | |||
r-devel-macos-x86_64 | 1.1.0 | 95.00 | OK | |||
r-devel-windows-x86_64 | 1.1.0 | 14.00 | 101.00 | 115.00 | OK | |
r-patched-linux-x86_64 | 1.1.0 | 10.92 | 80.81 | 91.73 | OK | |
r-release-linux-x86_64 | 1.1.0 | 10.79 | 80.69 | 91.48 | OK | |
r-release-macos-arm64 | 1.1.0 | 52.00 | OK | |||
r-release-macos-x86_64 | 1.1.0 | 87.00 | OK | |||
r-release-windows-x86_64 | 1.1.0 | 16.00 | 93.00 | 109.00 | OK | |
r-oldrel-macos-arm64 | 1.1.0 | 54.00 | OK | |||
r-oldrel-macos-x86_64 | 1.1.0 | 157.00 | OK | |||
r-oldrel-windows-x86_64 | 1.1.0 | 16.00 | 135.00 | 151.00 | OK |
Version: 1.1.0
Check: dependencies in R code
Result: NOTE
Namespace in Imports field not imported from: ‘knitr’
All declared Imports should be used.
Flavors: r-devel-linux-x86_64-fedora-clang, r-devel-linux-x86_64-fedora-gcc
These binaries (installable software) and packages are in development.
They may not be fully stable and should be used with caution. We make no claims about them.