Last updated on 2025-10-24 11:50:44 CEST.
| Flavor | Version | Tinstall | Tcheck | Ttotal | Status | Flags |
|---|---|---|---|---|---|---|
| r-devel-linux-x86_64-debian-clang | 1.0-2 | 7.59 | 139.99 | 147.58 | OK | |
| r-devel-linux-x86_64-debian-gcc | 1.0-2 | 5.90 | 98.50 | 104.40 | OK | |
| r-devel-linux-x86_64-fedora-clang | 1.0-2 | 18.00 | 203.49 | 221.49 | OK | |
| r-devel-linux-x86_64-fedora-gcc | 1.0-2 | 19.00 | 217.21 | 236.21 | OK | |
| r-devel-windows-x86_64 | 1.0-2 | 9.00 | 105.00 | 114.00 | OK | --no-vignettes |
| r-patched-linux-x86_64 | 1.0-2 | 8.49 | 137.14 | 145.63 | OK | |
| r-release-linux-x86_64 | 1.0-2 | 8.01 | 134.03 | 142.04 | OK | |
| r-release-macos-arm64 | 1.0-2 | 4.00 | 149.00 | 153.00 | OK | |
| r-release-macos-x86_64 | 1.0-2 | 7.00 | 328.00 | 335.00 | OK | |
| r-release-windows-x86_64 | 1.0-2 | 11.00 | 112.00 | 123.00 | OK | --no-vignettes |
| r-oldrel-macos-arm64 | 1.0-2 | 5.00 | 158.00 | 163.00 | NOTE | |
| r-oldrel-macos-x86_64 | 1.0-2 | 14.00 | 347.00 | 361.00 | NOTE | |
| r-oldrel-windows-x86_64 | 1.0-2 | 13.00 | 118.00 | 131.00 | OK | --no-vignettes |
Version: 1.0-2
Check: package dependencies
Result: NOTE
Package suggested but not available for checking: ‘INLA’
Flavors: r-oldrel-macos-arm64, r-oldrel-macos-x86_64
These binaries (installable software) and packages are in development.
They may not be fully stable and should be used with caution. We make no claims about them.