Last updated on 2025-10-24 03:50:26 CEST.
| Flavor | Version | Tinstall | Tcheck | Ttotal | Status | Flags |
|---|---|---|---|---|---|---|
| r-devel-linux-x86_64-debian-clang | 5.2.2 | 69.61 | 107.05 | 176.66 | NOTE | |
| r-devel-linux-x86_64-debian-gcc | 5.2.2 | 51.26 | 77.21 | 128.47 | OK | |
| r-devel-linux-x86_64-fedora-clang | 5.2.2 | 123.00 | 172.57 | 295.57 | OK | |
| r-devel-linux-x86_64-fedora-gcc | 5.2.2 | 155.00 | 152.74 | 307.74 | OK | |
| r-devel-windows-x86_64 | 5.2.2 | 87.00 | 142.00 | 229.00 | OK | |
| r-patched-linux-x86_64 | 5.2.2 | 76.42 | 105.35 | 181.77 | OK | |
| r-release-linux-x86_64 | 5.2.2 | 69.50 | 106.18 | 175.68 | OK | |
| r-release-macos-arm64 | 5.2.2 | 31.00 | 61.00 | 92.00 | OK | |
| r-release-macos-x86_64 | 5.2.2 | 36.00 | 138.00 | 174.00 | OK | |
| r-release-windows-x86_64 | 5.2.2 | 87.00 | 146.00 | 233.00 | OK | |
| r-oldrel-macos-arm64 | 5.2.2 | 27.00 | 52.00 | 79.00 | NOTE | |
| r-oldrel-macos-x86_64 | 5.2.2 | 29.00 | 94.00 | 123.00 | NOTE | |
| r-oldrel-windows-x86_64 | 5.2.2 | 103.00 | 183.00 | 286.00 | OK |
Version: 5.2.2
Check: HTML version of manual
Result: NOTE
Found the following HTML validation problems:
dd_multiple_KI_loglik.html:138:1 (dd_multiple_KI_loglik.Rd:86): Warning: missing </ul> before </div>
Flavor: r-devel-linux-x86_64-debian-clang
Version: 5.2.2
Check: installed package size
Result: NOTE
installed size is 7.8Mb
sub-directories of 1Mb or more:
libs 7.3Mb
Flavors: r-oldrel-macos-arm64, r-oldrel-macos-x86_64
These binaries (installable software) and packages are in development.
They may not be fully stable and should be used with caution. We make no claims about them.