Last updated on 2025-05-01 10:50:07 CEST.
Flavor | Version | Tinstall | Tcheck | Ttotal | Status | Flags |
---|---|---|---|---|---|---|
r-devel-linux-x86_64-debian-clang | 5.2.2 | 69.47 | 104.88 | 174.35 | OK | |
r-devel-linux-x86_64-debian-gcc | 5.2.2 | 51.12 | 78.37 | 129.49 | OK | |
r-devel-linux-x86_64-fedora-clang | 5.2.2 | 297.95 | OK | |||
r-devel-linux-x86_64-fedora-gcc | 5.2.2 | 309.79 | OK | |||
r-devel-windows-x86_64 | 5.2.2 | 85.00 | 149.00 | 234.00 | OK | |
r-patched-linux-x86_64 | 5.2.2 | 76.01 | 105.44 | 181.45 | OK | |
r-release-linux-x86_64 | OK | |||||
r-release-macos-arm64 | 5.2.2 | 92.00 | OK | |||
r-release-macos-x86_64 | 5.2.2 | 174.00 | OK | |||
r-release-windows-x86_64 | 5.2.2 | 84.00 | 154.00 | 238.00 | OK | |
r-oldrel-macos-arm64 | 5.2.2 | 79.00 | NOTE | |||
r-oldrel-macos-x86_64 | 5.2.2 | 123.00 | NOTE | |||
r-oldrel-windows-x86_64 | 5.2.2 | 97.00 | 192.00 | 289.00 | OK |
Version: 5.2.2
Check: installed package size
Result: NOTE
installed size is 7.8Mb
sub-directories of 1Mb or more:
libs 7.3Mb
Flavors: r-oldrel-macos-arm64, r-oldrel-macos-x86_64
These binaries (installable software) and packages are in development.
They may not be fully stable and should be used with caution. We make no claims about them.