Last updated on 2025-07-04 05:49:19 CEST.
Flavor | Version | Tinstall | Tcheck | Ttotal | Status | Flags |
---|---|---|---|---|---|---|
r-devel-linux-x86_64-debian-clang | 5.2.2 | 75.25 | 105.29 | 180.54 | OK | |
r-devel-linux-x86_64-debian-gcc | 5.2.2 | 54.05 | 75.84 | 129.89 | OK | |
r-devel-linux-x86_64-fedora-clang | 5.2.2 | 315.16 | OK | |||
r-devel-linux-x86_64-fedora-gcc | 5.2.2 | 304.29 | OK | |||
r-devel-windows-x86_64 | 5.2.2 | 83.00 | 151.00 | 234.00 | OK | |
r-patched-linux-x86_64 | 5.2.2 | 80.98 | 104.03 | 185.01 | OK | |
r-release-linux-x86_64 | 5.2.2 | 74.05 | 103.79 | 177.84 | OK | |
r-release-macos-arm64 | 5.2.2 | 92.00 | OK | |||
r-release-macos-x86_64 | 5.2.2 | 174.00 | OK | |||
r-release-windows-x86_64 | 5.2.2 | 85.00 | 152.00 | 237.00 | OK | |
r-oldrel-macos-arm64 | 5.2.2 | 79.00 | NOTE | |||
r-oldrel-macos-x86_64 | 5.2.2 | 123.00 | NOTE | |||
r-oldrel-windows-x86_64 | 5.2.2 | 100.00 | 193.00 | 293.00 | OK |
Version: 5.2.2
Check: installed package size
Result: NOTE
installed size is 7.8Mb
sub-directories of 1Mb or more:
libs 7.3Mb
Flavors: r-oldrel-macos-arm64, r-oldrel-macos-x86_64
These binaries (installable software) and packages are in development.
They may not be fully stable and should be used with caution. We make no claims about them.