CRAN Package Check Results for Package DEBBI

Last updated on 2025-05-01 12:49:26 CEST.

Flavor Version Tinstall Tcheck Ttotal Status Flags
r-devel-linux-x86_64-debian-clang 0.1.0 2.85 27.56 30.41 NOTE
r-devel-linux-x86_64-debian-gcc 0.1.0 1.92 20.53 22.45 NOTE
r-devel-linux-x86_64-fedora-clang 0.1.0 46.08 OK
r-devel-linux-x86_64-fedora-gcc 0.1.0 43.85 OK
r-devel-windows-x86_64 0.1.0 4.00 48.00 52.00 OK
r-patched-linux-x86_64 0.1.0 2.45 25.31 27.76 OK
r-release-linux-x86_64 OK
r-release-macos-arm64 0.1.0 19.00 OK
r-release-macos-x86_64 0.1.0 37.00 OK
r-release-windows-x86_64 0.1.0 4.00 52.00 56.00 OK
r-oldrel-macos-arm64 0.1.0 17.00 OK
r-oldrel-macos-x86_64 0.1.0 25.00 OK
r-oldrel-windows-x86_64 0.1.0 4.00 50.00 54.00 OK

Check Details

Version: 0.1.0
Check: CRAN incoming feasibility
Result: NOTE Maintainer: ‘Brendan Matthew Galdo <Brendan.m.galdo@gmail.com>’ The BugReports field in DESCRIPTION has https://github.com/bmgaldo/DEBBI which should likely be https://github.com/bmgaldo/DEBBI/issues instead. Flavors: r-devel-linux-x86_64-debian-clang, r-devel-linux-x86_64-debian-gcc

These binaries (installable software) and packages are in development.
They may not be fully stable and should be used with caution. We make no claims about them.