CRAN Package Check Results for Package DECIDE

Last updated on 2025-11-11 15:50:31 CET.

Flavor Version Tinstall Tcheck Ttotal Status Flags
r-devel-linux-x86_64-debian-clang 1.3 2.92 25.12 28.04 NOTE
r-devel-linux-x86_64-debian-gcc 1.3 2.07 19.89 21.96 NOTE
r-devel-linux-x86_64-fedora-clang 1.3 17.00 26.54 43.54 OK
r-devel-linux-x86_64-fedora-gcc 1.3 39.39 OK
r-devel-windows-x86_64 1.3 4.00 45.00 49.00 OK
r-patched-linux-x86_64 1.3 2.60 23.47 26.07 OK
r-release-linux-x86_64 1.3 2.52 23.81 26.33 OK
r-release-macos-arm64 1.3 1.00 16.00 17.00 OK
r-release-macos-x86_64 1.3 2.00 26.00 28.00 OK
r-release-windows-x86_64 1.3 5.00 44.00 49.00 OK
r-oldrel-macos-arm64 1.3 2.00 14.00 16.00 OK
r-oldrel-macos-x86_64 1.3 2.00 24.00 26.00 OK
r-oldrel-windows-x86_64 1.3 5.00 45.00 50.00 OK

Check Details

Version: 1.3
Check: CRAN incoming feasibility
Result: NOTE Maintainer: ‘Christiana Kartsonaki <christiana.kartsonaki@gmail.com>’ No Authors@R field in DESCRIPTION. Please add one, modifying Authors@R: person(given = "Christiana", family = "Kartsonaki", role = c("aut", "cre"), email = "christiana.kartsonaki@gmail.com") as necessary. Flavors: r-devel-linux-x86_64-debian-clang, r-devel-linux-x86_64-debian-gcc

These binaries (installable software) and packages are in development.
They may not be fully stable and should be used with caution. We make no claims about them.