Last updated on 2025-05-29 13:49:02 CEST.
Flavor | Version | Tinstall | Tcheck | Ttotal | Status | Flags |
---|---|---|---|---|---|---|
r-devel-linux-x86_64-debian-clang | 1.3 | 2.98 | 22.75 | 25.73 | NOTE | |
r-devel-linux-x86_64-debian-gcc | 1.3 | 2.24 | 17.50 | 19.74 | NOTE | |
r-devel-linux-x86_64-fedora-clang | 1.3 | 41.47 | OK | |||
r-devel-linux-x86_64-fedora-gcc | 1.3 | 38.36 | OK | |||
r-devel-windows-x86_64 | 1.3 | 5.00 | 46.00 | 51.00 | OK | |
r-patched-linux-x86_64 | 1.3 | 2.57 | 22.07 | 24.64 | OK | |
r-release-linux-x86_64 | 1.3 | 2.86 | 21.82 | 24.68 | OK | |
r-release-macos-arm64 | 1.3 | 17.00 | OK | |||
r-release-macos-x86_64 | 1.3 | 28.00 | OK | |||
r-release-windows-x86_64 | 1.3 | 4.00 | 45.00 | 49.00 | OK | |
r-oldrel-macos-arm64 | 1.3 | 16.00 | OK | |||
r-oldrel-macos-x86_64 | 1.3 | 26.00 | OK | |||
r-oldrel-windows-x86_64 | 1.3 | 5.00 | 45.00 | 50.00 | OK |
Version: 1.3
Check: CRAN incoming feasibility
Result: NOTE
Maintainer: ‘Christiana Kartsonaki <christiana.kartsonaki@gmail.com>’
No Authors@R field in DESCRIPTION.
Please add one, modifying
Authors@R: person(given = "Christiana",
family = "Kartsonaki",
role = c("aut", "cre"),
email = "christiana.kartsonaki@gmail.com")
as necessary.
Flavors: r-devel-linux-x86_64-debian-clang, r-devel-linux-x86_64-debian-gcc
These binaries (installable software) and packages are in development.
They may not be fully stable and should be used with caution. We make no claims about them.