Last updated on 2025-05-01 17:56:00 CEST.
Flavor | Version | Tinstall | Tcheck | Ttotal | Status | Flags |
---|---|---|---|---|---|---|
r-devel-linux-x86_64-debian-clang | 1.2.3 | 1.53 | 19.68 | 21.21 | NOTE | |
r-devel-linux-x86_64-debian-gcc | 1.2.3 | 1.41 | 16.45 | 17.86 | NOTE | |
r-devel-linux-x86_64-fedora-clang | 1.2.3 | 33.54 | OK | |||
r-devel-linux-x86_64-fedora-gcc | 1.2.3 | 31.67 | OK | |||
r-devel-windows-x86_64 | 1.2.3 | 2.00 | 45.00 | 47.00 | OK | |
r-patched-linux-x86_64 | 1.2.3 | 1.85 | 18.81 | 20.66 | OK | |
r-release-linux-x86_64 | OK | |||||
r-release-macos-arm64 | 1.2.3 | 16.00 | OK | |||
r-release-macos-x86_64 | 1.2.3 | 25.00 | OK | |||
r-release-windows-x86_64 | 1.2.3 | 2.00 | 47.00 | 49.00 | OK | |
r-oldrel-macos-arm64 | 1.2.3 | 14.00 | OK | |||
r-oldrel-macos-x86_64 | 1.2.3 | 22.00 | OK | |||
r-oldrel-windows-x86_64 | 1.2.3 | 2.00 | 43.00 | 45.00 | OK |
Version: 1.2.3
Check: CRAN incoming feasibility
Result: NOTE
Maintainer: ‘Javaria Ahmad Khan <jakhan0@yahoo.com>’
No Authors@R field in DESCRIPTION.
Please add one, modifying
Authors@R: c(person(given = c("Javaria", "Ahmad"),
family = "Khan",
role = c("aut", "cre"),
email = "jakhan0@yahoo.com"),
person(given = "Atif",
family = "Akbar.",
role = "aut"))
as necessary.
Flavors: r-devel-linux-x86_64-debian-clang, r-devel-linux-x86_64-debian-gcc
These binaries (installable software) and packages are in development.
They may not be fully stable and should be used with caution. We make no claims about them.