CRAN Package Check Results for Package DELTD

Last updated on 2025-11-11 15:50:31 CET.

Flavor Version Tinstall Tcheck Ttotal Status Flags
r-devel-linux-x86_64-debian-clang 2.6.8 1.97 29.99 31.96 NOTE
r-devel-linux-x86_64-debian-gcc 2.6.8 1.48 22.12 23.60 NOTE
r-devel-linux-x86_64-fedora-clang 2.6.8 48.04 OK
r-devel-linux-x86_64-fedora-gcc 2.6.8 44.13 OK
r-devel-windows-x86_64 2.6.8 5.00 46.00 51.00 OK
r-patched-linux-x86_64 2.6.8 2.22 26.95 29.17 OK
r-release-linux-x86_64 2.6.8 1.62 27.00 28.62 OK
r-release-macos-arm64 2.6.8 1.00 17.00 18.00 OK
r-release-macos-x86_64 2.6.8 3.00 28.00 31.00 OK
r-release-windows-x86_64 2.6.8 3.00 46.00 49.00 OK
r-oldrel-macos-arm64 2.6.8 1.00 22.00 23.00 OK
r-oldrel-macos-x86_64 2.6.8 2.00 24.00 26.00 OK
r-oldrel-windows-x86_64 2.6.8 4.00 47.00 51.00 OK

Check Details

Version: 2.6.8
Check: CRAN incoming feasibility
Result: NOTE Maintainer: ‘Javaria Ahmad Khan <jakhan0@yahoo.com>’ No Authors@R field in DESCRIPTION. Please add one, modifying Authors@R: c(person(given = c("Javaria", "Ahmad"), family = "Khan", role = c("aut", "cre"), email = "jakhan0@yahoo.com"), person(given = "Atif", family = "Akbar.", role = "aut")) as necessary. Flavors: r-devel-linux-x86_64-debian-clang, r-devel-linux-x86_64-debian-gcc

These binaries (installable software) and packages are in development.
They may not be fully stable and should be used with caution. We make no claims about them.