Last updated on 2025-02-16 10:50:44 CET.
Flavor | Version | Tinstall | Tcheck | Ttotal | Status | Flags |
---|---|---|---|---|---|---|
r-devel-linux-x86_64-debian-clang | 1.0 | 2.24 | 19.36 | 21.60 | NOTE | |
r-devel-linux-x86_64-debian-gcc | 1.0 | 1.90 | 15.93 | 17.83 | NOTE | |
r-devel-linux-x86_64-fedora-clang | 1.0 | 36.66 | NOTE | |||
r-devel-linux-x86_64-fedora-gcc | 1.0 | 34.37 | NOTE | |||
r-devel-macos-arm64 | 1.0 | 15.00 | NOTE | |||
r-devel-macos-x86_64 | 1.0 | 26.00 | NOTE | |||
r-devel-windows-x86_64 | 1.0 | 3.00 | 42.00 | 45.00 | NOTE | |
r-patched-linux-x86_64 | 1.0 | 2.63 | 18.64 | 21.27 | NOTE | |
r-release-linux-x86_64 | 1.0 | 2.14 | 18.35 | 20.49 | NOTE | |
r-release-macos-arm64 | 1.0 | 15.00 | NOTE | |||
r-release-macos-x86_64 | 1.0 | 22.00 | NOTE | |||
r-release-windows-x86_64 | 1.0 | 4.00 | 42.00 | 46.00 | NOTE | |
r-oldrel-macos-arm64 | 1.0 | 17.00 | NOTE | |||
r-oldrel-macos-x86_64 | 1.0 | 20.00 | NOTE | |||
r-oldrel-windows-x86_64 | 1.0 | 4.00 | 43.00 | 47.00 | NOTE |
Version: 1.0
Check: Rd files
Result: NOTE
checkRd: (-1) scramb.Rd:44: Escaped LaTeX specials: \&
Flavors: r-devel-linux-x86_64-debian-clang, r-devel-linux-x86_64-debian-gcc, r-devel-linux-x86_64-fedora-clang, r-devel-linux-x86_64-fedora-gcc, r-devel-macos-arm64, r-devel-macos-x86_64, r-devel-windows-x86_64, r-patched-linux-x86_64, r-release-linux-x86_64, r-release-macos-arm64, r-release-macos-x86_64, r-release-windows-x86_64, r-oldrel-macos-arm64, r-oldrel-macos-x86_64, r-oldrel-windows-x86_64
These binaries (installable software) and packages are in development.
They may not be fully stable and should be used with caution. We make no claims about them.