CRAN Package Check Results for Package DEMOVA

Last updated on 2025-05-08 04:52:02 CEST.

Flavor Version Tinstall Tcheck Ttotal Status Flags
r-devel-linux-x86_64-debian-clang 1.0 2.18 19.95 22.13 NOTE
r-devel-linux-x86_64-debian-gcc 1.0 1.64 16.12 17.76 NOTE
r-devel-linux-x86_64-fedora-clang 1.0 34.81 NOTE
r-devel-linux-x86_64-fedora-gcc 1.0 33.25 NOTE
r-devel-windows-x86_64 1.0 4.00 41.00 45.00 NOTE
r-patched-linux-x86_64 1.0 2.48 18.99 21.47 NOTE
r-release-linux-x86_64 1.0 2.23 19.00 21.23 NOTE
r-release-macos-arm64 1.0 16.00 NOTE
r-release-macos-x86_64 1.0 25.00 NOTE
r-release-windows-x86_64 1.0 3.00 44.00 47.00 NOTE
r-oldrel-macos-arm64 1.0 15.00 NOTE
r-oldrel-macos-x86_64 1.0 22.00 NOTE
r-oldrel-windows-x86_64 1.0 3.00 46.00 49.00 NOTE

Check Details

Version: 1.0
Check: CRAN incoming feasibility
Result: NOTE Maintainer: ‘Vinca Prana <vinca.prana@free.fr>’ No Authors@R field in DESCRIPTION. Please add one, modifying Authors@R: person(given = "Vinca", family = "Prana", role = c("aut", "cre"), email = "vinca.prana@free.fr") as necessary. Flavors: r-devel-linux-x86_64-debian-clang, r-devel-linux-x86_64-debian-gcc

Version: 1.0
Check: Rd files
Result: NOTE checkRd: (-1) scramb.Rd:44: Escaped LaTeX specials: \& Flavors: r-devel-linux-x86_64-debian-clang, r-devel-linux-x86_64-debian-gcc, r-devel-linux-x86_64-fedora-clang, r-devel-linux-x86_64-fedora-gcc, r-devel-windows-x86_64, r-patched-linux-x86_64, r-release-linux-x86_64, r-release-macos-arm64, r-release-macos-x86_64, r-release-windows-x86_64, r-oldrel-macos-arm64, r-oldrel-macos-x86_64, r-oldrel-windows-x86_64

These binaries (installable software) and packages are in development.
They may not be fully stable and should be used with caution. We make no claims about them.