CRAN Package Check Results for Package DEPONS2R

Last updated on 2025-10-23 17:50:46 CEST.

Flavor Version Tinstall Tcheck Ttotal Status Flags
r-devel-linux-x86_64-debian-clang 1.2.8 46.03 299.10 345.13 NOTE
r-devel-linux-x86_64-debian-gcc 1.2.8 28.84 189.50 218.34 OK
r-devel-linux-x86_64-fedora-clang 1.2.8 95.00 445.35 540.35 OK
r-devel-linux-x86_64-fedora-gcc 1.2.8 92.00 438.17 530.17 OK
r-devel-windows-x86_64 1.2.8 44.00 245.00 289.00 OK
r-patched-linux-x86_64 1.2.8 45.18 285.32 330.50 OK
r-release-linux-x86_64 1.2.8 44.02 285.72 329.74 OK
r-release-macos-arm64 1.2.8 22.00 101.00 123.00 OK
r-release-macos-x86_64 1.2.8 56.00 236.00 292.00 OK
r-release-windows-x86_64 1.2.8 42.00 247.00 289.00 OK
r-oldrel-macos-arm64 1.2.8 21.00 107.00 128.00 OK
r-oldrel-macos-x86_64 1.2.8 40.00 238.00 278.00 OK
r-oldrel-windows-x86_64 1.2.8 59.00 349.00 408.00 OK

Check Details

Version: 1.2.8
Check: HTML version of manual
Result: NOTE Found the following HTML validation problems: crs.html:68:1 (crs.Rd:30): Warning: missing </ul> before </div> dyn.html:50:1 (dyn.Rd:14): Warning: missing </ul> before </div> landscape.html:68:1 (landscape.Rd:29): Warning: missing </ul> before </div> title.html:67:1 (title.Rd:30): Warning: missing </ul> before </div> Flavor: r-devel-linux-x86_64-debian-clang

These binaries (installable software) and packages are in development.
They may not be fully stable and should be used with caution. We make no claims about them.