CRAN Package Check Results for Package DES

Last updated on 2025-11-11 15:50:32 CET.

Flavor Version Tinstall Tcheck Ttotal Status Flags
r-devel-linux-x86_64-debian-clang 1.0.0 1.63 20.35 21.98 NOTE
r-devel-linux-x86_64-debian-gcc 1.0.0 1.46 17.00 18.46 NOTE
r-devel-linux-x86_64-fedora-clang 1.0.0 31.72 OK
r-devel-linux-x86_64-fedora-gcc 1.0.0 28.98 OK
r-devel-windows-x86_64 1.0.0 3.00 39.00 42.00 OK
r-patched-linux-x86_64 1.0.0 1.51 18.08 19.59 OK
r-release-linux-x86_64 1.0.0 1.57 18.11 19.68 OK
r-release-macos-arm64 1.0.0 1.00 15.00 16.00 OK
r-release-macos-x86_64 1.0.0 2.00 20.00 22.00 OK
r-release-windows-x86_64 1.0.0 3.00 37.00 40.00 OK
r-oldrel-macos-arm64 1.0.0 1.00 12.00 13.00 OK
r-oldrel-macos-x86_64 1.0.0 1.00 20.00 21.00 OK
r-oldrel-windows-x86_64 1.0.0 3.00 38.00 41.00 OK

Check Details

Version: 1.0.0
Check: CRAN incoming feasibility
Result: NOTE Maintainer: ‘Norm Matloff <normmatloff@gmail.com>’ No Authors@R field in DESCRIPTION. Please add one, modifying Authors@R: person(given = "Norm", family = "Matloff", role = c("aut", "cre"), email = "normmatloff@gmail.com") as necessary. Flavors: r-devel-linux-x86_64-debian-clang, r-devel-linux-x86_64-debian-gcc

These binaries (installable software) and packages are in development.
They may not be fully stable and should be used with caution. We make no claims about them.