Last updated on 2025-10-23 09:50:42 CEST.
Flavor | Version | Tinstall | Tcheck | Ttotal | Status | Flags |
---|---|---|---|---|---|---|
r-devel-linux-x86_64-debian-clang | 2.2-8 | 3.55 | 28.44 | 31.99 | NOTE | |
r-devel-linux-x86_64-debian-gcc | 2.2-8 | 2.57 | 22.40 | 24.97 | NOTE | |
r-devel-linux-x86_64-fedora-clang | 2.2-8 | 45.57 | OK | |||
r-devel-linux-x86_64-fedora-gcc | 2.2-8 | 44.67 | OK | |||
r-devel-windows-x86_64 | 2.2-8 | 8.00 | 48.00 | 56.00 | OK | |
r-patched-linux-x86_64 | 2.2-8 | 3.43 | 26.23 | 29.66 | OK | |
r-release-linux-x86_64 | 2.2-8 | 2.90 | 26.36 | 29.26 | OK | |
r-release-macos-arm64 | 2.2-8 | 3.00 | 19.00 | 22.00 | OK | |
r-release-macos-x86_64 | 2.2-8 | 6.00 | 33.00 | 39.00 | OK | |
r-release-windows-x86_64 | 2.2-8 | 9.00 | 50.00 | 59.00 | OK | |
r-oldrel-macos-arm64 | 2.2-8 | 3.00 | 23.00 | 26.00 | OK | |
r-oldrel-macos-x86_64 | 2.2-8 | 5.00 | 37.00 | 42.00 | OK | |
r-oldrel-windows-x86_64 | 2.2-8 | 10.00 | 56.00 | 66.00 | OK |
Version: 2.2-8
Check: CRAN incoming feasibility
Result: NOTE
Maintainer: ‘Katharine Mullen <mullenkate@gmail.com>’
Package CITATION file contains call(s) to old-style personList() or
as.personList(). Please use c() on person objects instead.
Package CITATION file contains call(s) to old-style citEntry(). Please
use bibentry() instead.
Flavors: r-devel-linux-x86_64-debian-clang, r-devel-linux-x86_64-debian-gcc
These binaries (installable software) and packages are in development.
They may not be fully stable and should be used with caution. We make no claims about them.