Last updated on 2025-02-16 10:50:44 CET.
Flavor | Version | Tinstall | Tcheck | Ttotal | Status | Flags |
---|---|---|---|---|---|---|
r-devel-linux-x86_64-debian-clang | 0.5.7 | 61.37 | 72.08 | 133.45 | OK | |
r-devel-linux-x86_64-debian-gcc | 0.5.7 | 49.90 | 53.05 | 102.95 | OK | |
r-devel-linux-x86_64-fedora-clang | 0.5.7 | 283.79 | OK | |||
r-devel-linux-x86_64-fedora-gcc | 0.5.7 | 276.63 | OK | |||
r-devel-macos-arm64 | 0.5.7 | 76.00 | OK | |||
r-devel-macos-x86_64 | 0.5.7 | 129.00 | OK | |||
r-devel-windows-x86_64 | 0.5.7 | 105.00 | 131.00 | 236.00 | OK | |
r-patched-linux-x86_64 | 0.5.7 | 66.51 | 70.54 | 137.05 | OK | |
r-release-linux-x86_64 | 0.5.7 | 69.52 | 70.34 | 139.86 | OK | |
r-release-macos-arm64 | 0.5.7 | 82.00 | NOTE | |||
r-release-macos-x86_64 | 0.5.7 | 134.00 | NOTE | |||
r-release-windows-x86_64 | 0.5.7 | 103.00 | 131.00 | 234.00 | OK | |
r-oldrel-macos-arm64 | 0.5.6 | 148.00 | NOTE | |||
r-oldrel-macos-x86_64 | 0.5.7 | 150.00 | NOTE | |||
r-oldrel-windows-x86_64 | 0.5.7 | 121.00 | 165.00 | 286.00 | OK |
Version: 0.5.7
Check: installed package size
Result: NOTE
installed size is 7.1Mb
sub-directories of 1Mb or more:
libs 6.6Mb
Flavors: r-release-macos-arm64, r-release-macos-x86_64, r-oldrel-macos-x86_64
Version: 0.5.6
Check: installed package size
Result: NOTE
installed size is 7.1Mb
sub-directories of 1Mb or more:
libs 6.6Mb
Flavor: r-oldrel-macos-arm64
These binaries (installable software) and packages are in development.
They may not be fully stable and should be used with caution. We make no claims about them.